Last updated on 2025-04-30 04:50:09 CEST.
Flavor | Version | Tinstall | Tcheck | Ttotal | Status | Flags |
---|---|---|---|---|---|---|
r-devel-linux-x86_64-debian-clang | 0.1.2 | 5.34 | 47.12 | 52.46 | NOTE | |
r-devel-linux-x86_64-debian-gcc | 0.1.2 | 3.99 | 33.30 | 37.29 | NOTE | |
r-devel-linux-x86_64-fedora-clang | 0.1.2 | 72.29 | OK | |||
r-devel-linux-x86_64-fedora-gcc | 0.1.2 | 70.48 | OK | |||
r-devel-windows-x86_64 | 0.1.2 | 7.00 | 68.00 | 75.00 | OK | |
r-patched-linux-x86_64 | 0.1.2 | 5.55 | 44.07 | 49.62 | OK | |
r-release-linux-x86_64 | 0.1.2 | 5.09 | 43.91 | 49.00 | OK | |
r-release-macos-arm64 | 0.1.2 | 27.00 | OK | |||
r-release-macos-x86_64 | 0.1.2 | 44.00 | OK | |||
r-release-windows-x86_64 | 0.1.2 | 9.00 | 63.00 | 72.00 | OK | |
r-oldrel-macos-arm64 | 0.1.2 | 25.00 | OK | |||
r-oldrel-macos-x86_64 | 0.1.2 | 36.00 | OK | |||
r-oldrel-windows-x86_64 | 0.1.2 | 7.00 | 75.00 | 82.00 | OK |
Version: 0.1.2
Check: CRAN incoming feasibility
Result: NOTE
Maintainer: ‘Hannah Franziska Löchel <loechelh@mathematik.uni-marburg.de>’
No Authors@R field in DESCRIPTION.
Please add one, modifying
Authors@R: c(person(given = "Dominik",
family = "Eger",
role = "aut"),
person(given = c("Hannah", "Franziska"),
family = "Löchel",
role = c("aut", "cre"),
email = "loechelh@mathematik.uni-marburg.de"))
as necessary.
Flavors: r-devel-linux-x86_64-debian-clang, r-devel-linux-x86_64-debian-gcc