CRAN Package Check Results for Package karaoke

Last updated on 2025-04-30 04:50:09 CEST.

Flavor Version Tinstall Tcheck Ttotal Status Flags
r-devel-linux-x86_64-debian-clang 2.0 2.31 28.10 30.41 NOTE
r-devel-linux-x86_64-debian-gcc 2.0 1.80 21.90 23.70 NOTE
r-devel-linux-x86_64-fedora-clang 2.0 48.77 OK
r-devel-linux-x86_64-fedora-gcc 2.0 47.67 OK
r-devel-windows-x86_64 2.0 4.00 50.00 54.00 OK
r-patched-linux-x86_64 2.0 2.80 26.59 29.39 OK
r-release-linux-x86_64 2.0 2.85 26.98 29.83 OK
r-release-macos-arm64 2.0 18.00 OK
r-release-macos-x86_64 2.0 31.00 OK
r-release-windows-x86_64 2.0 4.00 47.00 51.00 OK
r-oldrel-macos-arm64 2.0 19.00 OK
r-oldrel-macos-x86_64 2.0 28.00 OK
r-oldrel-windows-x86_64 2.0 5.00 50.00 55.00 OK

Check Details

Version: 2.0
Check: CRAN incoming feasibility
Result: NOTE Maintainer: ‘John R. Dixon <gbm2sas@gmail.com>’ No Authors@R field in DESCRIPTION. Please add one, modifying Authors@R: person(given = c("John", "R."), family = "Dixon", role = c("aut", "cre"), email = "gbm2sas@gmail.com") as necessary. Flavors: r-devel-linux-x86_64-debian-clang, r-devel-linux-x86_64-debian-gcc