Last updated on 2025-04-30 04:50:09 CEST.
Flavor | Version | Tinstall | Tcheck | Ttotal | Status | Flags |
---|---|---|---|---|---|---|
r-devel-linux-x86_64-debian-clang | 0.1.1 | 6.89 | 88.30 | 95.19 | OK | |
r-devel-linux-x86_64-debian-gcc | 0.1.1 | 4.78 | 64.73 | 69.51 | OK | |
r-devel-linux-x86_64-fedora-clang | 0.1.1 | 140.87 | NOTE | |||
r-devel-linux-x86_64-fedora-gcc | 0.1.1 | 150.94 | NOTE | |||
r-devel-windows-x86_64 | 0.1.1 | 8.00 | 104.00 | 112.00 | OK | |
r-patched-linux-x86_64 | 0.1.1 | 6.55 | 82.93 | 89.48 | OK | |
r-release-linux-x86_64 | 0.1.1 | 5.09 | 83.06 | 88.15 | OK | |
r-release-macos-arm64 | 0.1.1 | 53.00 | OK | |||
r-release-macos-x86_64 | 0.1.1 | 107.00 | OK | |||
r-release-windows-x86_64 | 0.1.1 | 9.00 | 101.00 | 110.00 | OK | |
r-oldrel-macos-arm64 | 0.1.1 | 54.00 | OK | |||
r-oldrel-macos-x86_64 | 0.1.1 | 87.00 | OK | |||
r-oldrel-windows-x86_64 | 0.1.1 | 11.00 | 122.00 | 133.00 | OK |
Version: 0.1.1
Check: dependencies in R code
Result: NOTE
Namespace in Imports field not imported from: ‘gifski’
All declared Imports should be used.
Flavors: r-devel-linux-x86_64-fedora-clang, r-devel-linux-x86_64-fedora-gcc