Last updated on 2025-04-30 04:50:09 CEST.
Flavor | Version | Tinstall | Tcheck | Ttotal | Status | Flags |
---|---|---|---|---|---|---|
r-devel-linux-x86_64-debian-clang | 0.9.3 | 66.31 | 89.64 | 155.95 | NOTE | |
r-devel-linux-x86_64-debian-gcc | 0.9.3 | 45.93 | 61.36 | 107.29 | OK | |
r-devel-linux-x86_64-fedora-clang | 0.9.3 | 293.16 | OK | |||
r-devel-linux-x86_64-fedora-gcc | 0.9.3 | 278.56 | OK | |||
r-devel-windows-x86_64 | 0.9.3 | 78.00 | 123.00 | 201.00 | OK | |
r-patched-linux-x86_64 | 0.9.3 | 67.25 | 81.34 | 148.59 | OK | |
r-release-linux-x86_64 | 0.9.3 | 65.12 | 80.76 | 145.88 | OK | |
r-release-macos-arm64 | 0.9.3 | 78.00 | OK | |||
r-release-macos-x86_64 | 0.9.3 | 125.00 | OK | |||
r-release-windows-x86_64 | 0.9.3 | 78.00 | 123.00 | 201.00 | OK | |
r-oldrel-macos-arm64 | 0.9.3 | 74.00 | OK | |||
r-oldrel-macos-x86_64 | 0.9.3 | 195.00 | OK | |||
r-oldrel-windows-x86_64 | 0.9.3 | 87.00 | 142.00 | 229.00 | OK |
Version: 0.9.3
Check: examples
Result: NOTE
Examples with CPU (user + system) or elapsed time > 5s
user system elapsed
kdecop 4.491 0.003 5.612
Flavor: r-devel-linux-x86_64-debian-clang