Last updated on 2025-04-30 04:50:09 CEST.
Flavor | Version | Tinstall | Tcheck | Ttotal | Status | Flags |
---|---|---|---|---|---|---|
r-devel-linux-x86_64-debian-clang | 0.4.5 | 12.96 | 46.54 | 59.50 | NOTE | |
r-devel-linux-x86_64-debian-gcc | 0.4.5 | 11.50 | 35.77 | 47.27 | NOTE | |
r-devel-linux-x86_64-fedora-clang | 0.4.5 | 101.14 | OK | |||
r-devel-linux-x86_64-fedora-gcc | 0.4.5 | 100.37 | OK | |||
r-devel-windows-x86_64 | 0.4.5 | 20.00 | 90.00 | 110.00 | NOTE | |
r-patched-linux-x86_64 | 0.4.5 | 16.45 | 43.06 | 59.51 | NOTE | |
r-release-linux-x86_64 | 0.4.5 | 14.43 | 43.37 | 57.80 | NOTE | |
r-release-macos-arm64 | 0.4.5 | 36.00 | OK | |||
r-release-macos-x86_64 | 0.4.5 | 65.00 | OK | |||
r-release-windows-x86_64 | 0.4.5 | 20.00 | 89.00 | 109.00 | NOTE | |
r-oldrel-macos-arm64 | 0.4.5 | 34.00 | OK | |||
r-oldrel-macos-x86_64 | 0.4.5 | 66.00 | OK | |||
r-oldrel-windows-x86_64 | 0.4.5 | 22.00 | 98.00 | 120.00 | OK |
Version: 0.4.5
Check: Rd cross-references
Result: NOTE
Found the following Rd file(s) with Rd \link{} targets missing package
anchors:
contour.kdevinecop.Rd: contour.kdecopula
kdevinecop.Rd: kdecopula
Please provide package anchors for all Rd \link{} targets not in the
package itself and the base packages.
Flavors: r-devel-linux-x86_64-debian-clang, r-devel-linux-x86_64-debian-gcc, r-devel-windows-x86_64, r-patched-linux-x86_64, r-release-linux-x86_64, r-release-windows-x86_64