Last updated on 2025-04-30 04:50:09 CEST.
Flavor | Version | Tinstall | Tcheck | Ttotal | Status | Flags |
---|---|---|---|---|---|---|
r-devel-linux-x86_64-debian-clang | 1.0.4 | 13.17 | 91.76 | 104.93 | NOTE | |
r-devel-linux-x86_64-debian-gcc | 1.0.4 | 7.66 | 67.96 | 75.62 | NOTE | |
r-devel-linux-x86_64-fedora-clang | 1.0.4 | 173.52 | OK | |||
r-devel-linux-x86_64-fedora-gcc | 1.0.4 | 194.75 | OK | |||
r-devel-windows-x86_64 | 1.0.4 | 11.00 | 197.00 | 208.00 | OK | |
r-patched-linux-x86_64 | 1.0.4 | 12.80 | 86.20 | 99.00 | OK | |
r-release-linux-x86_64 | 1.0.4 | 11.56 | 87.86 | 99.42 | OK | |
r-release-macos-arm64 | 1.0.4 | 58.00 | OK | |||
r-release-macos-x86_64 | 1.0.4 | 187.00 | OK | |||
r-release-windows-x86_64 | 1.0.4 | 11.00 | 196.00 | 207.00 | OK | |
r-oldrel-macos-arm64 | 1.0.4 | 58.00 | OK | |||
r-oldrel-macos-x86_64 | 1.0.4 | 101.00 | OK | |||
r-oldrel-windows-x86_64 | 1.0.4 | 15.00 | 203.00 | 218.00 | OK |
Version: 1.0.4
Check: CRAN incoming feasibility
Result: NOTE
Maintainer: ‘Iago Giné-Vázquez <iago.gin-vaz@protonmail.com>’
The Description field contains
in Arsalane Chouaib Guidoum (2020) <arXiv:2012.06102> [stat.CO]).
Please refer to arXiv e-prints via their arXiv DOI <doi:10.48550/arXiv.YYMM.NNNNN>.
Flavors: r-devel-linux-x86_64-debian-clang, r-devel-linux-x86_64-debian-gcc