CRAN Package Check Results for Package keep

Last updated on 2025-04-30 04:50:09 CEST.

Flavor Version Tinstall Tcheck Ttotal Status Flags
r-devel-linux-x86_64-debian-clang 1.0 1.80 17.84 19.64 NOTE
r-devel-linux-x86_64-debian-gcc 1.0 1.39 15.06 16.45 NOTE
r-devel-linux-x86_64-fedora-clang 1.0 30.90 OK
r-devel-linux-x86_64-fedora-gcc 1.0 30.24 OK
r-devel-windows-x86_64 1.0 4.00 39.00 43.00 OK
r-patched-linux-x86_64 1.0 1.79 17.27 19.06 OK
r-release-linux-x86_64 1.0 1.94 17.25 19.19 OK
r-release-macos-arm64 1.0 16.00 OK
r-release-macos-x86_64 1.0 26.00 OK
r-release-windows-x86_64 1.0 3.00 45.00 48.00 OK
r-oldrel-macos-arm64 1.0 19.00 OK
r-oldrel-macos-x86_64 1.0 27.00 OK
r-oldrel-windows-x86_64 1.0 3.00 39.00 42.00 OK

Check Details

Version: 1.0
Check: CRAN incoming feasibility
Result: NOTE Maintainer: ‘Paavo Jumppanen<paavo.jumppanen@csiro.au>’ No Authors@R field in DESCRIPTION. Please add one, modifying Authors@R: person(given = "Paavo", family = "Jumppanen", role = c("aut", "cre"), email = "paavo.jumppanen@csiro.au") as necessary. Flavors: r-devel-linux-x86_64-debian-clang, r-devel-linux-x86_64-debian-gcc