CRAN Package Check Results for Package kehra

Last updated on 2025-04-30 04:50:09 CEST.

Flavor Version Tinstall Tcheck Ttotal Status Flags
r-devel-linux-x86_64-debian-clang 0.1 32.36 261.21 293.57 NOTE
r-devel-linux-x86_64-debian-gcc 0.1 21.10 165.47 186.57 NOTE
r-devel-linux-x86_64-fedora-clang 0.1 449.52 OK
r-devel-linux-x86_64-fedora-gcc 0.1 419.80 OK
r-devel-windows-x86_64 0.1 28.00 204.00 232.00 OK
r-patched-linux-x86_64 0.1 28.03 242.74 270.77 OK
r-release-linux-x86_64 0.1 32.73 241.37 274.10 OK
r-release-macos-arm64 0.1 86.00 OK
r-release-macos-x86_64 0.1 189.00 OK
r-release-windows-x86_64 0.1 28.00 192.00 220.00 OK
r-oldrel-macos-arm64 0.1 86.00 OK
r-oldrel-macos-x86_64 0.1 144.00 OK
r-oldrel-windows-x86_64 0.1 39.00 265.00 304.00 OK

Check Details

Version: 0.1
Check: CRAN incoming feasibility
Result: NOTE Maintainer: ‘Claudia Vitolo <cvitolodev@gmail.com>’ No Authors@R field in DESCRIPTION. Please add one, modifying Authors@R: c(person(given = "Claudia", family = "Vitolo", role = c("aut", "cre"), email = "cvitolodev@gmail.com"), person(given = "Allan", family = "Tucker", role = "aut"), person(given = "Andrew", family = "Russell", role = "aut")) as necessary. The Description field contains http://www.brunel.ac.uk/ife/britishcouncil). It refers to the Please enclose URLs in angle brackets (<...>). Flavors: r-devel-linux-x86_64-debian-clang, r-devel-linux-x86_64-debian-gcc