CRAN Package Check Results for Package kendallRandomWalks

Last updated on 2025-04-30 04:50:09 CEST.

Flavor Version Tinstall Tcheck Ttotal Status Flags
r-devel-linux-x86_64-debian-clang 0.9.4 5.47 138.25 143.72 NOTE
r-devel-linux-x86_64-debian-gcc 0.9.4 4.27 86.58 90.85 NOTE
r-devel-linux-x86_64-fedora-clang 0.9.4 220.91 OK
r-devel-linux-x86_64-fedora-gcc 0.9.4 223.05 OK
r-devel-windows-x86_64 0.9.4 7.00 137.00 144.00 OK
r-patched-linux-x86_64 0.9.4 5.30 126.33 131.63 OK
r-release-linux-x86_64 0.9.4 5.13 127.32 132.45 OK
r-release-macos-arm64 0.9.4 84.00 OK
r-release-macos-x86_64 0.9.4 116.00 OK
r-release-windows-x86_64 0.9.4 8.00 133.00 141.00 OK
r-oldrel-macos-arm64 0.9.4 56.00 NOTE
r-oldrel-macos-x86_64 0.9.4 95.00 NOTE
r-oldrel-windows-x86_64 0.9.4 8.00 181.00 189.00 NOTE

Check Details

Version: 0.9.4
Check: CRAN incoming feasibility
Result: NOTE Maintainer: ‘Mateusz Staniak <mateusz.staniak@math.uni.wroc.pl>’ The Description field contains Jasiulis-Gołdyn (2014) <arXiv:1412.0220>. Please refer to arXiv e-prints via their arXiv DOI <doi:10.48550/arXiv.YYMM.NNNNN>. Flavors: r-devel-linux-x86_64-debian-clang, r-devel-linux-x86_64-debian-gcc

Version: 0.9.4
Check: LazyData
Result: NOTE 'LazyData' is specified without a 'data' directory Flavors: r-oldrel-macos-arm64, r-oldrel-macos-x86_64, r-oldrel-windows-x86_64