Last updated on 2025-04-30 04:50:09 CEST.
Flavor | Version | Tinstall | Tcheck | Ttotal | Status | Flags |
---|---|---|---|---|---|---|
r-devel-linux-x86_64-debian-clang | 1.6.4 | 32.91 | 173.16 | 206.07 | NOTE | |
r-devel-linux-x86_64-debian-gcc | 1.6.4 | 19.56 | 118.50 | 138.06 | NOTE | |
r-devel-linux-x86_64-fedora-clang | 1.6.4 | 324.68 | OK | |||
r-devel-linux-x86_64-fedora-gcc | 1.6.4 | 323.47 | OK | |||
r-devel-windows-x86_64 | 1.6.4 | 28.00 | 212.00 | 240.00 | OK | |
r-patched-linux-x86_64 | 1.6.4 | 28.66 | 161.10 | 189.76 | OK | |
r-release-linux-x86_64 | 1.6.4 | 28.64 | 160.06 | 188.70 | OK | |
r-release-macos-arm64 | 1.6.4 | 93.00 | OK | |||
r-release-macos-x86_64 | 1.6.4 | 202.00 | OK | |||
r-release-windows-x86_64 | 1.6.4 | 29.00 | 214.00 | 243.00 | OK | |
r-oldrel-macos-arm64 | 1.6.4 | 81.00 | OK | |||
r-oldrel-macos-x86_64 | 1.6.4 | 158.00 | OK | |||
r-oldrel-windows-x86_64 | 1.6.4 | 40.00 | 247.00 | 287.00 | OK |
Version: 1.6.4
Check: CRAN incoming feasibility
Result: NOTE
Maintainer: ‘Björn Andersson <bjoern.h.andersson@gmail.com>’
Package CITATION file contains call(s) to old-style personList() or
as.personList(). Please use c() on person objects instead.
Package CITATION file contains call(s) to old-style citEntry(). Please
use bibentry() instead.
Flavors: r-devel-linux-x86_64-debian-clang, r-devel-linux-x86_64-debian-gcc