Last updated on 2025-04-30 04:50:09 CEST.
Flavor | Version | Tinstall | Tcheck | Ttotal | Status | Flags |
---|---|---|---|---|---|---|
r-devel-linux-x86_64-debian-clang | 0.1.1 | 1.63 | 18.36 | 19.99 | NOTE | |
r-devel-linux-x86_64-debian-gcc | 0.1.1 | 1.38 | 15.15 | 16.53 | NOTE | |
r-devel-linux-x86_64-fedora-clang | 0.1.1 | 31.66 | NOTE | |||
r-devel-linux-x86_64-fedora-gcc | 0.1.1 | 30.76 | NOTE | |||
r-devel-windows-x86_64 | 0.1.1 | 3.00 | 42.00 | 45.00 | OK | |
r-patched-linux-x86_64 | 0.1.1 | 1.77 | 17.86 | 19.63 | OK | |
r-release-linux-x86_64 | 0.1.1 | 1.79 | 17.95 | 19.74 | OK | |
r-release-macos-arm64 | 0.1.1 | 15.00 | OK | |||
r-release-macos-x86_64 | 0.1.1 | 29.00 | OK | |||
r-release-windows-x86_64 | 0.1.1 | 3.00 | 42.00 | 45.00 | OK | |
r-oldrel-macos-arm64 | 0.1.1 | 15.00 | OK | |||
r-oldrel-macos-x86_64 | 0.1.1 | 22.00 | OK | |||
r-oldrel-windows-x86_64 | 0.1.1 | 4.00 | 41.00 | 45.00 | OK |
Version: 0.1.1
Check: CRAN incoming feasibility
Result: NOTE
Maintainer: ‘Hoseung Song <hsong3@fredhutch.org>’
The Description field contains
conditions. Song, H. and Wu, M.C. (2023) <arXiv:2307.15268>.
Please refer to arXiv e-prints via their arXiv DOI <doi:10.48550/arXiv.YYMM.NNNNN>.
Flavors: r-devel-linux-x86_64-debian-clang, r-devel-linux-x86_64-debian-gcc
Version: 0.1.1
Check: dependencies in R code
Result: NOTE
Namespace in Imports field not imported from: ‘mvtnorm’
All declared Imports should be used.
Flavors: r-devel-linux-x86_64-fedora-clang, r-devel-linux-x86_64-fedora-gcc