CRAN Package Check Results for Package kernhaz

Last updated on 2025-04-30 04:50:09 CEST.

Flavor Version Tinstall Tcheck Ttotal Status Flags
r-devel-linux-x86_64-debian-clang 0.1.0 4.34 50.10 54.44 OK
r-devel-linux-x86_64-debian-gcc 0.1.0 3.92 38.79 42.71 OK
r-devel-linux-x86_64-fedora-clang 0.1.0 87.31 OK
r-devel-linux-x86_64-fedora-gcc 0.1.0 84.36 OK
r-devel-windows-x86_64 0.1.0 7.00 72.00 79.00 OK
r-patched-linux-x86_64 0.1.0 5.03 47.44 52.47 OK
r-release-linux-x86_64 0.1.0 4.65 47.55 52.20 OK
r-release-macos-arm64 0.1.0 35.00 OK
r-release-macos-x86_64 0.1.0 56.00 OK
r-release-windows-x86_64 0.1.0 7.00 70.00 77.00 OK
r-oldrel-macos-arm64 0.1.0 27.00 NOTE
r-oldrel-macos-x86_64 0.1.0 42.00 NOTE
r-oldrel-windows-x86_64 0.1.0 8.00 80.00 88.00 NOTE

Check Details

Version: 0.1.0
Check: LazyData
Result: NOTE 'LazyData' is specified without a 'data' directory Flavors: r-oldrel-macos-arm64, r-oldrel-macos-x86_64, r-oldrel-windows-x86_64