Last updated on 2025-04-30 04:50:09 CEST.
Flavor | Version | Tinstall | Tcheck | Ttotal | Status | Flags |
---|---|---|---|---|---|---|
r-devel-linux-x86_64-debian-clang | 0.1.1 | 11.23 | 21.54 | 32.77 | NOTE | |
r-devel-linux-x86_64-debian-gcc | 0.1.1 | 10.05 | 17.33 | 27.38 | NOTE | |
r-devel-linux-x86_64-fedora-clang | 0.1.1 | 56.38 | OK | |||
r-devel-linux-x86_64-fedora-gcc | 0.1.1 | 58.72 | OK | |||
r-devel-windows-x86_64 | 0.1.1 | 17.00 | 71.00 | 88.00 | OK | |
r-patched-linux-x86_64 | 0.1.1 | 13.46 | 20.59 | 34.05 | OK | |
r-release-linux-x86_64 | 0.1.1 | 14.01 | 20.31 | 34.32 | OK | |
r-release-macos-arm64 | 0.1.1 | 24.00 | OK | |||
r-release-macos-x86_64 | 0.1.1 | 35.00 | OK | |||
r-release-windows-x86_64 | 0.1.1 | 16.00 | 73.00 | 89.00 | OK | |
r-oldrel-macos-arm64 | 0.1.1 | 22.00 | OK | |||
r-oldrel-macos-x86_64 | 0.1.1 | 29.00 | OK | |||
r-oldrel-windows-x86_64 | 0.1.1 | 18.00 | 73.00 | 91.00 | OK |
Version: 0.1.1
Check: CRAN incoming feasibility
Result: NOTE
Maintainer: ‘Thoralf Mildenberger <mild@zhaw.ch>’
The Description field contains
<arXiv:2308.13383>.
Please refer to arXiv e-prints via their arXiv DOI <doi:10.48550/arXiv.YYMM.NNNNN>.
Flavors: r-devel-linux-x86_64-debian-clang, r-devel-linux-x86_64-debian-gcc