CRAN Package Check Results for Package keypress

Last updated on 2025-04-30 04:50:09 CEST.

Flavor Version Tinstall Tcheck Ttotal Status Flags
r-devel-linux-x86_64-debian-clang 1.3.1 2.59 18.82 21.41 NOTE
r-devel-linux-x86_64-debian-gcc 1.3.1 2.51 15.71 18.22 NOTE
r-devel-linux-x86_64-fedora-clang 1.3.1 32.31 OK
r-devel-linux-x86_64-fedora-gcc 1.3.1 31.40 OK
r-devel-windows-x86_64 1.3.1 10.00 46.00 56.00 OK
r-patched-linux-x86_64 1.3.1 2.80 17.26 20.06 OK
r-release-linux-x86_64 1.3.1 2.72 17.20 19.92 OK
r-release-macos-arm64 1.3.1 16.00 OK
r-release-macos-x86_64 1.3.1 24.00 OK
r-release-windows-x86_64 1.3.1 10.00 45.00 55.00 OK
r-oldrel-macos-arm64 1.3.1 17.00 OK
r-oldrel-macos-x86_64 1.3.1 23.00 OK
r-oldrel-windows-x86_64 1.3.1 10.00 41.00 51.00 OK

Check Details

Version: 1.3.1
Check: CRAN incoming feasibility
Result: NOTE Maintainer: ‘Gábor Csárdi <csardi.gabor@gmail.com>’ No Authors@R field in DESCRIPTION. Please add one, modifying Authors@R: c(person(given = "Gábor", family = "Csárdi", role = c("aut", "cre"), email = "csardi.gabor@gmail.com"), person(given = "Jon", family = "Griffiths", role = "aut")) as necessary. Flavors: r-devel-linux-x86_64-debian-clang, r-devel-linux-x86_64-debian-gcc