Last updated on 2025-02-21 03:52:15 CET.
Flavor | Version | Tinstall | Tcheck | Ttotal | Status | Flags |
---|---|---|---|---|---|---|
r-devel-linux-x86_64-debian-clang | 1.0.0 | 6.88 | 205.46 | 212.34 | NOTE | |
r-devel-linux-x86_64-debian-gcc | 1.0.0 | 5.41 | 136.42 | 141.83 | NOTE | |
r-devel-linux-x86_64-fedora-clang | 1.0.0 | 334.33 | NOTE | |||
r-devel-linux-x86_64-fedora-gcc | 1.0.0 | 367.67 | NOTE | |||
r-devel-macos-arm64 | 1.0.0 | 84.00 | NOTE | |||
r-devel-macos-x86_64 | 1.0.0 | 201.00 | NOTE | |||
r-devel-windows-x86_64 | 1.0.0 | 8.00 | 237.00 | 245.00 | NOTE | |
r-patched-linux-x86_64 | 1.0.0 | 5.60 | 197.02 | 202.62 | NOTE | |
r-release-linux-x86_64 | 1.0.0 | 6.90 | 197.50 | 204.40 | NOTE | |
r-release-macos-arm64 | 1.0.0 | 77.00 | NOTE | |||
r-release-macos-x86_64 | 1.0.0 | 119.00 | NOTE | |||
r-release-windows-x86_64 | 1.0.0 | 9.00 | 234.00 | 243.00 | NOTE | |
r-oldrel-macos-arm64 | 1.0.0 | 86.00 | OK | |||
r-oldrel-macos-x86_64 | 1.0.0 | 144.00 | OK | |||
r-oldrel-windows-x86_64 | 1.0.0 | 10.00 | 228.00 | 238.00 | OK |
Version: 1.0.0
Check: Rd files
Result: NOTE
checkRd: (-1) kfino_plot.Rd:52: Lost braces; missing escapes or markup?
52 | plus the OK values. Prediction corresponds to E[X_{t} | Y_{1...t}]
| ^
checkRd: (-1) kfino_plot.Rd:52: Lost braces; missing escapes or markup?
52 | plus the OK values. Prediction corresponds to E[X_{t} | Y_{1...t}]
| ^
Flavors: r-devel-linux-x86_64-debian-clang, r-devel-linux-x86_64-debian-gcc, r-devel-linux-x86_64-fedora-clang, r-devel-linux-x86_64-fedora-gcc, r-devel-macos-arm64, r-devel-macos-x86_64, r-devel-windows-x86_64, r-patched-linux-x86_64, r-release-linux-x86_64, r-release-macos-arm64, r-release-macos-x86_64, r-release-windows-x86_64