Last updated on 2025-04-30 04:50:09 CEST.
Flavor | Version | Tinstall | Tcheck | Ttotal | Status | Flags |
---|---|---|---|---|---|---|
r-devel-linux-x86_64-debian-clang | 0.2.1 | 76.30 | 120.71 | 197.01 | OK | |
r-devel-linux-x86_64-debian-gcc | 0.2.1 | 66.24 | 87.74 | 153.98 | OK | |
r-devel-linux-x86_64-fedora-clang | 0.2.1 | 311.21 | NOTE | |||
r-devel-linux-x86_64-fedora-gcc | 0.2.1 | 372.40 | NOTE | |||
r-devel-windows-x86_64 | 0.2.1 | 90.00 | 168.00 | 258.00 | OK | |
r-patched-linux-x86_64 | 0.2.1 | 89.78 | 114.86 | 204.64 | OK | |
r-release-linux-x86_64 | 0.2.1 | 89.26 | 115.34 | 204.60 | OK | |
r-release-macos-arm64 | 0.2.1 | 106.00 | OK | |||
r-release-macos-x86_64 | 0.2.1 | 183.00 | OK | |||
r-release-windows-x86_64 | 0.2.1 | 90.00 | 169.00 | 259.00 | OK | |
r-oldrel-macos-arm64 | 0.2.1 | 238.00 | NOTE | |||
r-oldrel-macos-x86_64 | 0.2.1 | 287.00 | NOTE | |||
r-oldrel-windows-x86_64 | 0.2.1 | 103.00 | 211.00 | 314.00 | OK |
Version: 0.2.1
Check: dependencies in R code
Result: NOTE
Namespace in Imports field not imported from: ‘RcppProgress’
All declared Imports should be used.
Flavors: r-devel-linux-x86_64-fedora-clang, r-devel-linux-x86_64-fedora-gcc
Version: 0.2.1
Check: installed package size
Result: NOTE
installed size is 18.3Mb
sub-directories of 1Mb or more:
libs 17.9Mb
Flavors: r-oldrel-macos-arm64, r-oldrel-macos-x86_64