CRAN Package Check Results for Package kgschart

Last updated on 2025-02-21 03:52:15 CET.

Flavor Version Tinstall Tcheck Ttotal Status Flags
r-devel-linux-x86_64-debian-clang 1.3.5 2.65 33.31 35.96 OK
r-devel-linux-x86_64-debian-gcc 1.3.5 2.03 25.52 27.55 OK
r-devel-linux-x86_64-fedora-clang 1.3.5 56.64 OK
r-devel-linux-x86_64-fedora-gcc 1.3.5 56.98 OK
r-devel-macos-arm64 1.3.5 23.00 OK
r-devel-macos-x86_64 1.3.5 40.00 OK
r-devel-windows-x86_64 1.3.5 5.00 58.00 63.00 OK
r-patched-linux-x86_64 1.3.5 2.80 32.51 35.31 NOTE
r-release-linux-x86_64 1.3.5 2.51 32.48 34.99 NOTE
r-release-macos-arm64 1.3.5 23.00 NOTE
r-release-macos-x86_64 1.3.5 33.00 NOTE
r-release-windows-x86_64 1.3.5 5.00 57.00 62.00 NOTE
r-oldrel-macos-arm64 1.3.5 24.00 NOTE
r-oldrel-macos-x86_64 1.3.5 36.00 NOTE
r-oldrel-windows-x86_64 1.3.5 5.00 61.00 66.00 NOTE

Check Details

Version: 1.3.5
Check: LazyData
Result: NOTE 'LazyData' is specified without a 'data' directory Flavors: r-patched-linux-x86_64, r-release-linux-x86_64, r-release-macos-arm64, r-release-macos-x86_64, r-release-windows-x86_64, r-oldrel-macos-arm64, r-oldrel-macos-x86_64, r-oldrel-windows-x86_64