CRAN Package Check Results for Package kitesquare

Last updated on 2025-04-30 04:50:09 CEST.

Flavor Version Tinstall Tcheck Ttotal Status Flags
r-devel-linux-x86_64-debian-clang 0.0.2 3.94 74.84 78.78 NOTE
r-devel-linux-x86_64-debian-gcc 0.0.2 2.81 52.40 55.21 OK
r-devel-linux-x86_64-fedora-clang 0.0.2 122.70 OK
r-devel-linux-x86_64-fedora-gcc 0.0.2 130.12 OK
r-devel-windows-x86_64 0.0.2 6.00 88.00 94.00 OK
r-patched-linux-x86_64 0.0.2 4.11 69.75 73.86 OK
r-release-linux-x86_64 0.0.2 4.09 69.50 73.59 OK
r-release-macos-arm64 0.0.2 32.00 OK
r-release-macos-x86_64 0.0.2 50.00 OK
r-release-windows-x86_64 0.0.2 6.00 84.00 90.00 OK
r-oldrel-macos-arm64 0.0.2 38.00 OK
r-oldrel-macos-x86_64 0.0.2 61.00 OK
r-oldrel-windows-x86_64 0.0.2 7.00 105.00 112.00 OK

Check Details

Version: 0.0.2
Check: examples
Result: NOTE Examples with CPU (user + system) or elapsed time > 5s user system elapsed kitesquare 4.697 0.084 6.115 Flavor: r-devel-linux-x86_64-debian-clang