Last updated on 2025-04-30 04:50:09 CEST.
Flavor | Version | Tinstall | Tcheck | Ttotal | Status | Flags |
---|---|---|---|---|---|---|
r-devel-linux-x86_64-debian-clang | 1.0.1 | 5.90 | 59.95 | 65.85 | NOTE | |
r-devel-linux-x86_64-debian-gcc | 1.0.1 | 5.25 | 44.96 | 50.21 | NOTE | |
r-devel-linux-x86_64-fedora-clang | 1.0.1 | 101.82 | OK | |||
r-devel-linux-x86_64-fedora-gcc | 1.0.1 | 111.52 | OK | |||
r-devel-windows-x86_64 | 1.0.1 | 8.00 | 98.00 | 106.00 | OK | |
r-patched-linux-x86_64 | 1.0.1 | 5.63 | 57.26 | 62.89 | OK | |
r-release-linux-x86_64 | 1.0.1 | 5.94 | 57.28 | 63.22 | OK | |
r-release-macos-arm64 | 1.0.1 | 54.00 | OK | |||
r-release-macos-x86_64 | 1.0.1 | 103.00 | OK | |||
r-release-windows-x86_64 | 1.0.1 | 8.00 | 93.00 | 101.00 | OK | |
r-oldrel-macos-arm64 | 1.0.1 | 44.00 | OK | |||
r-oldrel-macos-x86_64 | 1.0.1 | 70.00 | OK | |||
r-oldrel-windows-x86_64 | 1.0.1 | 9.00 | 117.00 | 126.00 | OK |
Version: 1.0.1
Check: CRAN incoming feasibility
Result: NOTE
Maintainer: ‘Xiang Lyu <xianglyu@berkeley.edu>’
The Description field contains
Nonparametric Additive Models”. arXiv preprint <arXiv:2105.11659>.
Please refer to arXiv e-prints via their arXiv DOI <doi:10.48550/arXiv.YYMM.NNNNN>.
Flavors: r-devel-linux-x86_64-debian-clang, r-devel-linux-x86_64-debian-gcc
Version: 1.0.1
Check: examples
Result: NOTE
Examples with CPU (user + system) or elapsed time > 5s
user system elapsed
KO_evaluation 0.193 0.045 10.464
kko 0.138 0.056 10.278
rk_tune 0.103 0.009 7.066
Flavor: r-devel-linux-x86_64-debian-clang
Version: 1.0.1
Check: examples
Result: NOTE
Examples with CPU (user + system) or elapsed time > 5s
user system elapsed
KO_evaluation 0.126 0.055 7.368
kko 0.116 0.017 6.999
Flavor: r-devel-linux-x86_64-debian-gcc