CRAN Package Check Results for Package klic

Last updated on 2025-04-30 04:50:09 CEST.

Flavor Version Tinstall Tcheck Ttotal Status Flags
r-devel-linux-x86_64-debian-clang 1.0.4 2.58 27.27 29.85 NOTE
r-devel-linux-x86_64-debian-gcc 1.0.4 1.80 20.69 22.49 NOTE
r-devel-linux-x86_64-fedora-clang 1.0.4 44.49 OK
r-devel-linux-x86_64-fedora-gcc 1.0.4 58.83 OK
r-devel-windows-x86_64 1.0.4 4.00 51.00 55.00 OK
r-patched-linux-x86_64 1.0.4 1.94 24.51 26.45 OK
r-release-linux-x86_64 1.0.4 2.67 24.45 27.12 OK
r-release-macos-arm64 1.0.4 23.00 OK
r-release-macos-x86_64 1.0.4 41.00 OK
r-release-windows-x86_64 1.0.4 4.00 50.00 54.00 OK
r-oldrel-macos-arm64 1.0.4 24.00 NOTE
r-oldrel-macos-x86_64 1.0.4 35.00 NOTE
r-oldrel-windows-x86_64 1.0.4 5.00 53.00 58.00 NOTE

Check Details

Version: 1.0.4
Check: CRAN incoming feasibility
Result: NOTE Maintainer: ‘Alessandra Cabassi <alessandra.cabassi@mrc-bsu.cam.ac.uk>’ Package CITATION file contains call(s) to old-style personList() or as.personList(). Please use c() on person objects instead. Package CITATION file contains call(s) to old-style citEntry(). Please use bibentry() instead. Flavors: r-devel-linux-x86_64-debian-clang, r-devel-linux-x86_64-debian-gcc

Version: 1.0.4
Check: LazyData
Result: NOTE 'LazyData' is specified without a 'data' directory Flavors: r-oldrel-macos-arm64, r-oldrel-macos-x86_64, r-oldrel-windows-x86_64