Last updated on 2025-11-02 03:51:42 CET.
| Flavor | Version | Tinstall | Tcheck | Ttotal | Status | Flags |
|---|---|---|---|---|---|---|
| r-devel-linux-x86_64-debian-clang | 1.0 | 88.42 | 184.82 | 273.24 | OK | |
| r-devel-linux-x86_64-debian-gcc | 1.0 | 58.00 | 130.25 | 188.25 | OK | |
| r-devel-linux-x86_64-fedora-clang | 1.0 | 206.00 | 246.22 | 452.22 | OK | |
| r-devel-linux-x86_64-fedora-gcc | 1.0 | 546.00 | -82.98 | 463.02 | OK | |
| r-devel-windows-x86_64 | 1.0 | 104.00 | 211.00 | 315.00 | OK | |
| r-patched-linux-x86_64 | 1.0 | 86.52 | 177.97 | 264.49 | OK | |
| r-release-linux-x86_64 | 1.0 | 87.27 | 177.94 | 265.21 | OK | |
| r-release-macos-arm64 | 1.0 | 37.00 | 116.00 | 153.00 | OK | |
| r-release-macos-x86_64 | 1.0 | 53.00 | 173.00 | 226.00 | OK | |
| r-release-windows-x86_64 | 1.0 | 103.00 | 205.00 | 308.00 | OK | |
| r-oldrel-macos-arm64 | 1.0 | 35.00 | 87.00 | 122.00 | NOTE | |
| r-oldrel-macos-x86_64 | 1.0 | 57.00 | 230.00 | 287.00 | NOTE | |
| r-oldrel-windows-x86_64 | 1.0 | 128.00 | 261.00 | 389.00 | NOTE |
Version: 1.0
Check: installed package size
Result: NOTE
installed size is 5.4Mb
sub-directories of 1Mb or more:
libs 3.8Mb
Flavors: r-oldrel-macos-arm64, r-oldrel-macos-x86_64
Version: 1.0
Check: for GNU extensions in Makefiles
Result: NOTE
GNU make is a SystemRequirements.
Flavors: r-oldrel-macos-arm64, r-oldrel-macos-x86_64, r-oldrel-windows-x86_64