Last updated on 2025-02-21 03:52:15 CET.
Flavor | Version | Tinstall | Tcheck | Ttotal | Status | Flags |
---|---|---|---|---|---|---|
r-devel-linux-x86_64-debian-clang | 1.0 | 85.31 | 178.03 | 263.34 | OK | |
r-devel-linux-x86_64-debian-gcc | 1.0 | 61.03 | 129.53 | 190.56 | OK | |
r-devel-linux-x86_64-fedora-clang | 1.0 | 446.69 | OK | |||
r-devel-linux-x86_64-fedora-gcc | 1.0 | 416.86 | OK | |||
r-devel-macos-arm64 | 1.0 | 139.00 | OK | |||
r-devel-macos-x86_64 | 1.0 | 240.00 | OK | |||
r-devel-windows-x86_64 | 1.0 | 96.00 | 617.00 | 713.00 | OK | |
r-patched-linux-x86_64 | 1.0 | 84.08 | 164.06 | 248.14 | NOTE | |
r-release-linux-x86_64 | 1.0 | 78.69 | 166.31 | 245.00 | NOTE | |
r-release-macos-arm64 | 1.0 | 122.00 | NOTE | |||
r-release-macos-x86_64 | 1.0 | 287.00 | NOTE | |||
r-release-windows-x86_64 | 1.0 | 96.00 | 0.00 | 96.00 | FAIL | |
r-oldrel-macos-arm64 | 1.0 | 10.00 | ERROR | |||
r-oldrel-macos-x86_64 | 1.0 | 11.00 | ERROR | |||
r-oldrel-windows-x86_64 | 1.0 | 113.00 | 257.00 | 370.00 | NOTE |
Version: 1.0
Check: for GNU extensions in Makefiles
Result: NOTE
GNU make is a SystemRequirements.
Flavors: r-patched-linux-x86_64, r-release-linux-x86_64, r-release-macos-arm64, r-release-macos-x86_64, r-release-windows-x86_64, r-oldrel-windows-x86_64
Version: 1.0
Check: installed package size
Result: NOTE
installed size is 5.4Mb
sub-directories of 1Mb or more:
libs 3.8Mb
Flavors: r-release-macos-arm64, r-release-macos-x86_64
Version: 1.0
Check: tests
Result: FAIL
Check process probably crashed or hung up for 20 minutes ... killed
Most likely this happened in the example checks (?),
if not, ignore the following last lines of example output:
> cleanEx()
> nameEx("reverseComplement")
> ### * reverseComplement
>
> flush(stderr()); flush(stdout())
>
> ### Name: reverseComplement
> ### Title: Get reverse complement sequence of DNA
> ### Aliases: reverseComplement
>
> ### ** Examples
>
>
>
>
> ### * <FOOTER>
> ###
> cleanEx()
> options(digits = 7L)
> base::cat("Time elapsed: ", proc.time() - base::get("ptime", pos = 'CheckExEnv'),"\n")
Time elapsed: 4.53 0.46 4.96 NA NA
> grDevices::dev.off()
null device
1
> ###
> ### Local variables: ***
> ### mode: outline-minor ***
> ### outline-regexp: "\\(> \\)?### [*]+" ***
> ### End: ***
> quit('no')
======== End of example output (where/before crash/hang up occured ?) ========
Flavor: r-release-windows-x86_64
Version: 1.0
Check: package dependencies
Result: ERROR
Package required but not available: ‘seqLogo’
See section ‘The DESCRIPTION file’ in the ‘Writing R Extensions’
manual.
Flavors: r-oldrel-macos-arm64, r-oldrel-macos-x86_64