CRAN Package Check Results for Package knitLatex

Last updated on 2025-04-30 04:50:09 CEST.

Flavor Version Tinstall Tcheck Ttotal Status Flags
r-devel-linux-x86_64-debian-clang 0.9.0 1.86 22.80 24.66 OK
r-devel-linux-x86_64-debian-gcc 0.9.0 1.39 18.27 19.66 OK
r-devel-linux-x86_64-fedora-clang 0.9.0 36.39 OK
r-devel-linux-x86_64-fedora-gcc 0.9.0 59.84 OK
r-devel-windows-x86_64 0.9.0 3.00 49.00 52.00 OK
r-patched-linux-x86_64 0.9.0 1.94 19.92 21.86 OK
r-release-linux-x86_64 0.9.0 1.71 19.99 21.70 OK
r-release-macos-arm64 0.9.0 32.00 OK
r-release-macos-x86_64 0.9.0 55.00 OK
r-release-windows-x86_64 0.9.0 3.00 44.00 47.00 OK
r-oldrel-macos-arm64 0.9.0 27.00 NOTE
r-oldrel-macos-x86_64 0.9.0 59.00 NOTE
r-oldrel-windows-x86_64 0.9.0 3.00 45.00 48.00 NOTE

Check Details

Version: 0.9.0
Check: LazyData
Result: NOTE 'LazyData' is specified without a 'data' directory Flavors: r-oldrel-macos-arm64, r-oldrel-macos-x86_64, r-oldrel-windows-x86_64