Last updated on 2025-04-30 04:50:09 CEST.
Flavor | Version | Tinstall | Tcheck | Ttotal | Status | Flags |
---|---|---|---|---|---|---|
r-devel-linux-x86_64-debian-clang | 2.0.0 | 2.23 | 22.47 | 24.70 | NOTE | |
r-devel-linux-x86_64-debian-gcc | 2.0.0 | 1.66 | 18.02 | 19.68 | OK | |
r-devel-linux-x86_64-fedora-clang | 2.0.0 | 37.80 | OK | |||
r-devel-linux-x86_64-fedora-gcc | 2.0.0 | 36.18 | OK | |||
r-devel-windows-x86_64 | 2.0.0 | 4.00 | 58.00 | 62.00 | OK | |
r-patched-linux-x86_64 | 2.0.0 | 2.39 | 21.21 | 23.60 | OK | |
r-release-linux-x86_64 | 2.0.0 | 1.99 | 21.24 | 23.23 | OK | |
r-release-macos-arm64 | 2.0.0 | 29.00 | OK | |||
r-release-macos-x86_64 | 2.0.0 | 33.00 | OK | |||
r-release-windows-x86_64 | 2.0.0 | 5.00 | 53.00 | 58.00 | OK | |
r-oldrel-macos-arm64 | 2.0.0 | 19.00 | OK | |||
r-oldrel-macos-x86_64 | 2.0.0 | 26.00 | OK | |||
r-oldrel-windows-x86_64 | 2.0.0 | 4.00 | 58.00 | 62.00 | OK |
Version: 2.0.0
Check: examples
Result: NOTE
Examples with CPU (user + system) or elapsed time > 5s
user system elapsed
knn 0.725 0.027 7.649
knn_param_search 0.182 0.001 6.981
Flavor: r-devel-linux-x86_64-debian-clang