CRAN Package Check Results for Package knockoff

Last updated on 2025-04-30 04:50:09 CEST.

Flavor Version Tinstall Tcheck Ttotal Status Flags
r-devel-linux-x86_64-debian-clang 0.3.6 3.02 116.47 119.49 NOTE
r-devel-linux-x86_64-debian-gcc 0.3.6 2.22 90.11 92.33 NOTE
r-devel-linux-x86_64-fedora-clang 0.3.6 186.29 NOTE
r-devel-linux-x86_64-fedora-gcc 0.3.6 213.69 NOTE
r-devel-windows-x86_64 0.3.6 4.00 188.00 192.00 NOTE
r-patched-linux-x86_64 0.3.6 3.58 119.89 123.47 NOTE
r-release-linux-x86_64 0.3.6 2.91 119.05 121.96 NOTE
r-release-macos-arm64 0.3.6 74.00 NOTE
r-release-macos-x86_64 0.3.6 146.00 NOTE
r-release-windows-x86_64 0.3.6 4.00 179.00 183.00 NOTE
r-oldrel-macos-arm64 0.3.6 68.00 NOTE
r-oldrel-macos-x86_64 0.3.6 105.00 NOTE
r-oldrel-windows-x86_64 0.3.6 5.00 228.00 233.00 NOTE

Check Details

Version: 0.3.6
Check: Rd files
Result: NOTE checkRd: (-1) knockoff.Rd:22-24: Lost braces in \itemize; meant \describe ? checkRd: (-1) knockoff.Rd:25-27: Lost braces in \itemize; meant \describe ? Flavors: r-devel-linux-x86_64-debian-clang, r-devel-linux-x86_64-debian-gcc, r-devel-linux-x86_64-fedora-clang, r-devel-linux-x86_64-fedora-gcc, r-devel-windows-x86_64, r-patched-linux-x86_64, r-release-linux-x86_64, r-release-macos-arm64, r-release-macos-x86_64, r-release-windows-x86_64, r-oldrel-macos-arm64, r-oldrel-macos-x86_64, r-oldrel-windows-x86_64

Version: 0.3.6
Check: examples
Result: NOTE Examples with CPU (user + system) or elapsed time > 5s user system elapsed stat.stability_selection 0.944 5.474 3.695 Flavor: r-devel-linux-x86_64-debian-gcc