Last updated on 2025-11-03 03:49:45 CET.
| Flavor | Version | Tinstall | Tcheck | Ttotal | Status | Flags |
|---|---|---|---|---|---|---|
| r-devel-linux-x86_64-debian-clang | 1.3 | 1.66 | 29.86 | 31.52 | OK | |
| r-devel-linux-x86_64-debian-gcc | 1.3 | 1.89 | 23.29 | 25.18 | OK | |
| r-devel-linux-x86_64-fedora-clang | 1.3 | 51.42 | OK | |||
| r-devel-linux-x86_64-fedora-gcc | 1.3 | 45.01 | OK | |||
| r-devel-windows-x86_64 | 1.3 | 3.00 | 46.00 | 49.00 | OK | |
| r-patched-linux-x86_64 | 1.3 | 2.42 | 28.24 | 30.66 | OK | |
| r-release-linux-x86_64 | 1.3 | 2.70 | 28.45 | 31.15 | OK | |
| r-release-macos-arm64 | 1.3 | 1.00 | 19.00 | 20.00 | OK | |
| r-release-macos-x86_64 | 1.3 | 2.00 | 29.00 | 31.00 | OK | |
| r-release-windows-x86_64 | 1.3 | 4.00 | 46.00 | 50.00 | OK | |
| r-oldrel-macos-arm64 | 1.3 | 1.00 | 17.00 | 18.00 | NOTE | |
| r-oldrel-macos-x86_64 | 1.3 | 2.00 | 29.00 | 31.00 | NOTE | |
| r-oldrel-windows-x86_64 | 1.3 | 6.00 | 52.00 | 58.00 | NOTE |
Version: 1.3
Check: LazyData
Result: NOTE
'LazyData' is specified without a 'data' directory
Flavors: r-oldrel-macos-arm64, r-oldrel-macos-x86_64, r-oldrel-windows-x86_64