Last updated on 2025-04-30 04:50:09 CEST.
Flavor | Version | Tinstall | Tcheck | Ttotal | Status | Flags |
---|---|---|---|---|---|---|
r-devel-linux-x86_64-debian-clang | 1.0.4 | 9.60 | 90.21 | 99.81 | NOTE | |
r-devel-linux-x86_64-debian-gcc | 1.0.4 | 6.92 | 64.30 | 71.22 | NOTE | |
r-devel-linux-x86_64-fedora-clang | 1.0.4 | 146.54 | OK | |||
r-devel-linux-x86_64-fedora-gcc | 1.0.4 | 139.50 | OK | |||
r-devel-windows-x86_64 | 1.0.4 | 12.00 | 104.00 | 116.00 | OK | |
r-patched-linux-x86_64 | 1.0.4 | 9.07 | 85.40 | 94.47 | OK | |
r-release-linux-x86_64 | 1.0.4 | 8.71 | 85.65 | 94.36 | OK | |
r-release-macos-arm64 | 1.0.4 | 49.00 | OK | |||
r-release-macos-x86_64 | 1.0.4 | 58.00 | OK | |||
r-release-windows-x86_64 | 1.0.4 | 12.00 | 98.00 | 110.00 | OK | |
r-oldrel-macos-arm64 | 1.0.4 | 45.00 | OK | |||
r-oldrel-macos-x86_64 | 1.0.4 | 87.00 | OK | |||
r-oldrel-windows-x86_64 | 1.0.4 | 14.00 | 131.00 | 145.00 | OK |
Version: 1.0.4
Check: examples
Result: NOTE
Examples with CPU (user + system) or elapsed time > 5s
user system elapsed
cluster2m 10.981 0.082 13.538
Flavor: r-devel-linux-x86_64-debian-clang
Version: 1.0.4
Check: examples
Result: NOTE
Examples with CPU (user + system) or elapsed time > 5s
user system elapsed
cluster2m 7.804 0.145 9.181
Flavor: r-devel-linux-x86_64-debian-gcc