Last updated on 2025-04-30 04:50:09 CEST.
Flavor | Version | Tinstall | Tcheck | Ttotal | Status | Flags |
---|---|---|---|---|---|---|
r-devel-linux-x86_64-debian-clang | 1.0.2 | 18.28 | 151.93 | 170.21 | NOTE | |
r-devel-linux-x86_64-debian-gcc | 1.0.2 | 11.54 | 105.35 | 116.89 | OK | |
r-devel-linux-x86_64-fedora-clang | 1.0.2 | 280.57 | OK | |||
r-devel-linux-x86_64-fedora-gcc | 1.0.2 | 276.23 | OK | |||
r-devel-windows-x86_64 | 1.0.2 | 18.00 | 138.00 | 156.00 | OK | |
r-patched-linux-x86_64 | 1.0.2 | 17.56 | 139.82 | 157.38 | OK | |
r-release-linux-x86_64 | 1.0.2 | 17.49 | 139.43 | 156.92 | OK | |
r-release-macos-arm64 | 1.0.2 | 68.00 | OK | |||
r-release-macos-x86_64 | 1.0.2 | 150.00 | OK | |||
r-release-windows-x86_64 | 1.0.2 | 18.00 | 138.00 | 156.00 | OK | |
r-oldrel-macos-arm64 | 1.0.2 | 71.00 | OK | |||
r-oldrel-macos-x86_64 | 1.0.2 | 126.00 | OK | |||
r-oldrel-windows-x86_64 | 1.0.2 | 24.00 | 179.00 | 203.00 | OK |
Version: 1.0.2
Check: examples
Result: NOTE
Examples with CPU (user + system) or elapsed time > 5s
user system elapsed
pkonfound 3.752 0.42 6.117
Flavor: r-devel-linux-x86_64-debian-clang