Last updated on 2025-04-30 04:50:09 CEST.
Flavor | Version | Tinstall | Tcheck | Ttotal | Status | Flags |
---|---|---|---|---|---|---|
r-devel-linux-x86_64-debian-clang | 0.0.1 | 6.10 | 58.93 | 65.03 | NOTE | |
r-devel-linux-x86_64-debian-gcc | 0.0.1 | 5.69 | 43.90 | 49.59 | NOTE | |
r-devel-linux-x86_64-fedora-clang | 0.0.1 | 102.49 | OK | |||
r-devel-linux-x86_64-fedora-gcc | 0.0.1 | 98.70 | OK | |||
r-devel-windows-x86_64 | 0.0.1 | 8.00 | 69.00 | 77.00 | OK | |
r-patched-linux-x86_64 | 0.0.1 | 6.69 | 57.03 | 63.72 | OK | |
r-release-linux-x86_64 | 0.0.1 | 6.69 | 57.91 | 64.60 | OK | |
r-release-macos-arm64 | 0.0.1 | 28.00 | OK | |||
r-release-macos-x86_64 | 0.0.1 | 55.00 | OK | |||
r-release-windows-x86_64 | 0.0.1 | 7.00 | 73.00 | 80.00 | OK | |
r-oldrel-macos-arm64 | 0.0.1 | 31.00 | NOTE | |||
r-oldrel-macos-x86_64 | 0.0.1 | 46.00 | NOTE | |||
r-oldrel-windows-x86_64 | 0.0.1 | 9.00 | 80.00 | 89.00 | NOTE |
Version: 0.0.1
Check: CRAN incoming feasibility
Result: NOTE
Maintainer: ‘Clemence Karmann <clemence.karmann@gmail.com>’
The Description field contains
(2019) <arXiv:1907.03153>.
Please refer to arXiv e-prints via their arXiv DOI <doi:10.48550/arXiv.YYMM.NNNNN>.
Flavors: r-devel-linux-x86_64-debian-clang, r-devel-linux-x86_64-debian-gcc
Version: 0.0.1
Check: examples
Result: NOTE
Examples with CPU (user + system) or elapsed time > 5s
user system elapsed
ko.sel 3.9 0.033 5.774
Flavor: r-devel-linux-x86_64-debian-clang
Version: 0.0.1
Check: LazyData
Result: NOTE
'LazyData' is specified without a 'data' directory
Flavors: r-oldrel-macos-arm64, r-oldrel-macos-x86_64, r-oldrel-windows-x86_64