CRAN Package Check Results for Package kpcalg

Last updated on 2025-02-21 03:52:15 CET.

Flavor Version Tinstall Tcheck Ttotal Status Flags
r-devel-linux-x86_64-debian-clang 1.0.1 14.99 204.06 219.05 NOTE
r-devel-linux-x86_64-debian-gcc 1.0.1 9.04 87.51 96.55 ERROR
r-devel-linux-x86_64-fedora-clang 1.0.1 343.80 NOTE
r-devel-linux-x86_64-fedora-gcc 1.0.1 389.69 NOTE
r-devel-macos-arm64 1.0.1 113.00 NOTE
r-devel-macos-x86_64 1.0.1 263.00 NOTE
r-devel-windows-x86_64 1.0.1 15.00 221.00 236.00 NOTE
r-patched-linux-x86_64 1.0.1 15.49 218.66 234.15 NOTE
r-release-linux-x86_64 1.0.1 12.01 219.80 231.81 NOTE
r-release-macos-arm64 1.0.1 113.00 NOTE
r-release-macos-x86_64 1.0.1 276.00 NOTE
r-release-windows-x86_64 1.0.1 14.00 218.00 232.00 NOTE
r-oldrel-macos-arm64 1.0.1 99.00 NOTE
r-oldrel-macos-x86_64 1.0.1 221.00 NOTE
r-oldrel-windows-x86_64 1.0.1 18.00 263.00 281.00 NOTE

Additional issues

noSuggests

Check Details

Version: 1.0.1
Check: Rd files
Result: NOTE checkRd: (-1) hsic.perm.Rd:36: Lost braces; missing escapes or markup? 36 | Let x and y be two samples of length n. Gram matrices K and L are defined as: \eqn{K_{i,j} = \exp\frac{(x_i-x_j)^2}{\sigma^2}}{K_{i,j} =exp((x_i-x_j)^2/sig^2)} and \eqn{L_{i,j} = \exp\frac{(y_i-y_j)^2}{\sigma^2}}{L_{i,j} =exp((y_i-y_j)^2/sig^2)}. \eqn{H_{i,j} = \delta_{i,j} - \frac{1}{n}}{H_{i,j} = \delta_{i,j} - 1/n}. Let \eqn{A=HKH} and \eqn{B=HLH}, then \eqn{HSIC(x,y)=\frac{1}{n^2}Tr(AB)}{HSIC(x,y)=Tr(AB)/n^2}. Permutation test permutes y p times to get \eqn{y_{(p)}} and calculates HSIC(x,y_{(p)}). \eqn{pval = \frac{1(HSIC(x,y)>HSIC(x,y_{(p)}))}{p}}{(HSIC(x,y)>HSIC(x,y_{(p)}))/p}. | ^ Flavors: r-devel-linux-x86_64-debian-clang, r-devel-linux-x86_64-debian-gcc, r-devel-linux-x86_64-fedora-clang, r-devel-linux-x86_64-fedora-gcc, r-devel-macos-arm64, r-devel-macos-x86_64, r-devel-windows-x86_64, r-patched-linux-x86_64, r-release-linux-x86_64, r-release-macos-arm64, r-release-macos-x86_64, r-release-windows-x86_64

Version: 1.0.1
Check: Rd cross-references
Result: NOTE Found the following Rd file(s) with Rd \link{} targets missing package anchors: dcov.gamma.Rd: dcov.test frml.additive.smooth.Rd: gam frml.full.smooth.Rd: gam kernelCItest.Rd: skeleton, pc kpc.Rd: pc, dcov.test, udag2pdag, pcAlgo regrVonPS.Rd: gam regrXonS.Rd: gam Please provide package anchors for all Rd \link{} targets not in the package itself and the base packages. Flavors: r-devel-linux-x86_64-debian-clang, r-devel-linux-x86_64-debian-gcc, r-devel-windows-x86_64

Version: 1.0.1
Check: re-building of vignette outputs
Result: ERROR Error(s) in re-building vignettes: ... --- re-building ‘kpcalg_tutorial.Rnw’ using knitr Quitting from lines 61-65 [unnamed-chunk-2] (kpcalg_tutorial.Rnw) Error: processing vignette 'kpcalg_tutorial.Rnw' failed with diagnostics: package required but not installed: 'Rgraphviz' --- failed re-building ‘kpcalg_tutorial.Rnw’ SUMMARY: processing the following file failed: ‘kpcalg_tutorial.Rnw’ Error: Vignette re-building failed. Execution halted Flavor: r-devel-linux-x86_64-debian-gcc

Version: 1.0.1
Check: LazyData
Result: NOTE 'LazyData' is specified without a 'data' directory Flavors: r-patched-linux-x86_64, r-release-linux-x86_64, r-release-macos-arm64, r-release-macos-x86_64, r-release-windows-x86_64, r-oldrel-macos-arm64, r-oldrel-macos-x86_64, r-oldrel-windows-x86_64