Last updated on 2025-02-21 03:52:15 CET.
Flavor | Version | Tinstall | Tcheck | Ttotal | Status | Flags |
---|---|---|---|---|---|---|
r-devel-linux-x86_64-debian-clang | 0.1 | 1.47 | 20.12 | 21.59 | NOTE | |
r-devel-linux-x86_64-debian-gcc | 0.1 | 1.31 | 16.12 | 17.43 | NOTE | |
r-devel-linux-x86_64-fedora-clang | 0.1 | 34.63 | NOTE | |||
r-devel-linux-x86_64-fedora-gcc | 0.1 | 32.88 | NOTE | |||
r-devel-macos-arm64 | 0.1 | 16.00 | NOTE | |||
r-devel-macos-x86_64 | 0.1 | 25.00 | NOTE | |||
r-devel-windows-x86_64 | 0.1 | 3.00 | 60.00 | 63.00 | NOTE | |
r-patched-linux-x86_64 | 0.1 | 1.36 | 19.34 | 20.70 | NOTE | |
r-release-linux-x86_64 | 0.1 | 1.51 | 19.22 | 20.73 | NOTE | |
r-release-macos-arm64 | 0.1 | 16.00 | NOTE | |||
r-release-macos-x86_64 | 0.1 | 22.00 | NOTE | |||
r-release-windows-x86_64 | 0.1 | 3.00 | 47.00 | 50.00 | NOTE | |
r-oldrel-macos-arm64 | 0.1 | 16.00 | NOTE | |||
r-oldrel-macos-x86_64 | 0.1 | 21.00 | NOTE | |||
r-oldrel-windows-x86_64 | 0.1 | 3.00 | 61.00 | 64.00 | NOTE |
Version: 0.1
Check: Rd files
Result: NOTE
checkRd: (-1) compose.Rd:13: Lost braces in \enumerate; meant \describe ?
checkRd: (-1) compose.Rd:14: Lost braces in \enumerate; meant \describe ?
Flavors: r-devel-linux-x86_64-debian-clang, r-devel-linux-x86_64-debian-gcc, r-devel-linux-x86_64-fedora-clang, r-devel-linux-x86_64-fedora-gcc, r-devel-macos-arm64, r-devel-macos-x86_64, r-devel-windows-x86_64, r-patched-linux-x86_64, r-release-linux-x86_64, r-release-macos-arm64, r-release-macos-x86_64, r-release-windows-x86_64
Version: 0.1
Check: LazyData
Result: NOTE
'LazyData' is specified without a 'data' directory
Flavors: r-patched-linux-x86_64, r-release-linux-x86_64, r-release-macos-arm64, r-release-macos-x86_64, r-release-windows-x86_64, r-oldrel-macos-arm64, r-oldrel-macos-x86_64, r-oldrel-windows-x86_64