CRAN Package Check Results for Package kselection

Last updated on 2025-04-30 04:50:09 CEST.

Flavor Version Tinstall Tcheck Ttotal Status Flags
r-devel-linux-x86_64-debian-clang 0.2.1 1.69 20.29 21.98 NOTE
r-devel-linux-x86_64-debian-gcc 0.2.1 1.12 16.21 17.33 NOTE
r-devel-linux-x86_64-fedora-clang 0.2.1 34.24 OK
r-devel-linux-x86_64-fedora-gcc 0.2.1 32.54 OK
r-devel-windows-x86_64 0.2.1 3.00 44.00 47.00 OK
r-patched-linux-x86_64 0.2.1 1.67 19.50 21.17 OK
r-release-linux-x86_64 0.2.1 1.46 19.73 21.19 OK
r-release-macos-arm64 0.2.1 16.00 OK
r-release-macos-x86_64 0.2.1 24.00 OK
r-release-windows-x86_64 0.2.1 4.00 46.00 50.00 OK
r-oldrel-macos-arm64 0.2.1 14.00 OK
r-oldrel-macos-x86_64 0.2.1 24.00 OK
r-oldrel-windows-x86_64 0.2.1 4.00 45.00 49.00 OK

Check Details

Version: 0.2.1
Check: CRAN incoming feasibility
Result: NOTE Maintainer: ‘Daniel Rodriguez <daniel.rodriguez.perez@gmail.com>’ No Authors@R field in DESCRIPTION. Please add one, modifying Authors@R: person(given = "Daniel", family = "Rodriguez", role = c("aut", "cre"), email = "daniel.rodriguez.perez@gmail.com") as necessary. Flavors: r-devel-linux-x86_64-debian-clang, r-devel-linux-x86_64-debian-gcc