Last updated on 2025-04-30 04:50:09 CEST.
Flavor | Version | Tinstall | Tcheck | Ttotal | Status | Flags |
---|---|---|---|---|---|---|
r-devel-linux-x86_64-debian-clang | 1.0.0 | 46.31 | 66.01 | 112.32 | NOTE | |
r-devel-linux-x86_64-debian-gcc | 1.0.0 | 36.75 | 46.63 | 83.38 | NOTE | |
r-devel-linux-x86_64-fedora-clang | 1.0.0 | 188.64 | OK | |||
r-devel-linux-x86_64-fedora-gcc | 1.0.0 | 185.15 | OK | |||
r-devel-windows-x86_64 | 1.0.0 | 59.00 | 96.00 | 155.00 | OK | |
r-patched-linux-x86_64 | 1.0.0 | 49.65 | 60.09 | 109.74 | OK | |
r-release-linux-x86_64 | 1.0.0 | 50.37 | 60.10 | 110.47 | OK | |
r-release-macos-arm64 | 1.0.0 | 59.00 | OK | |||
r-release-macos-x86_64 | 1.0.0 | 82.00 | OK | |||
r-release-windows-x86_64 | 1.0.0 | 60.00 | 93.00 | 153.00 | OK | |
r-oldrel-macos-arm64 | 1.0.0 | 53.00 | OK | |||
r-oldrel-macos-x86_64 | 1.0.0 | 77.00 | OK | |||
r-oldrel-windows-x86_64 | 1.0.0 | 70.00 | 117.00 | 187.00 | OK |
Version: 1.0.0
Check: CRAN incoming feasibility
Result: NOTE
Maintainer: ‘Juan Domingo Gonzalez <juanrst@hotmail.com>’
The Description field contains
<arxiv:1906.08198>).
Please refer to arXiv e-prints via their arXiv DOI <doi:10.48550/arXiv.YYMM.NNNNN>.
Flavors: r-devel-linux-x86_64-debian-clang, r-devel-linux-x86_64-debian-gcc