CRAN Package Check Results for Package ktsolve

Last updated on 2025-04-30 04:50:09 CEST.

Flavor Version Tinstall Tcheck Ttotal Status Flags
r-devel-linux-x86_64-debian-clang 1.3.1 1.29 19.46 20.75 NOTE
r-devel-linux-x86_64-debian-gcc 1.3.1 1.22 15.99 17.21 NOTE
r-devel-linux-x86_64-fedora-clang 1.3.1 32.42 OK
r-devel-linux-x86_64-fedora-gcc 1.3.1 31.54 OK
r-devel-windows-x86_64 1.3.1 3.00 54.00 57.00 OK
r-patched-linux-x86_64 1.3.1 1.73 18.94 20.67 OK
r-release-linux-x86_64 1.3.1 1.54 19.03 20.57 OK
r-release-macos-arm64 1.3.1 17.00 OK
r-release-macos-x86_64 1.3.1 25.00 OK
r-release-windows-x86_64 1.3.1 3.00 47.00 50.00 OK
r-oldrel-macos-arm64 1.3.1 15.00 OK
r-oldrel-macos-x86_64 1.3.1 21.00 OK
r-oldrel-windows-x86_64 1.3.1 3.00 46.00 49.00 OK

Check Details

Version: 1.3.1
Check: CRAN incoming feasibility
Result: NOTE Maintainer: ‘Carl Witthoft <cellocgw@gmail.com>’ No Authors@R field in DESCRIPTION. Please add one, modifying Authors@R: person(given = "Carl", family = "Witthoft", role = c("aut", "cre"), email = "cellocgw@gmail.com") as necessary. Flavors: r-devel-linux-x86_64-debian-clang, r-devel-linux-x86_64-debian-gcc