Last updated on 2025-04-30 04:50:09 CEST.
Flavor | Version | Tinstall | Tcheck | Ttotal | Status | Flags |
---|---|---|---|---|---|---|
r-devel-linux-x86_64-debian-clang | 4.1.0.1 | 3.60 | 27.28 | 30.88 | NOTE | |
r-devel-linux-x86_64-debian-gcc | 4.1.0.1 | 3.15 | 20.49 | 23.64 | NOTE | |
r-devel-linux-x86_64-fedora-clang | 4.1.0.1 | 48.21 | OK | |||
r-devel-linux-x86_64-fedora-gcc | 4.1.0.1 | 48.09 | OK | |||
r-devel-windows-x86_64 | 4.1.0.1 | 8.00 | 53.00 | 61.00 | OK | |
r-patched-linux-x86_64 | 4.1.0.1 | 3.98 | 26.49 | 30.47 | OK | |
r-release-linux-x86_64 | 4.1.0.1 | 4.38 | 26.63 | 31.01 | OK | |
r-release-macos-arm64 | 4.1.0.1 | 22.00 | OK | |||
r-release-macos-x86_64 | 4.1.0.1 | 34.00 | OK | |||
r-release-windows-x86_64 | 4.1.0.1 | 8.00 | 54.00 | 62.00 | OK | |
r-oldrel-macos-arm64 | 4.1.0.1 | 20.00 | OK | |||
r-oldrel-macos-x86_64 | 4.1.0.1 | 30.00 | OK | |||
r-oldrel-windows-x86_64 | 4.1.0.1 | 10.00 | 55.00 | 65.00 | OK |
Version: 4.1.0.1
Check: CRAN incoming feasibility
Result: NOTE
Maintainer: ‘Brian Close <brian.close@gmail.com>’
No Authors@R field in DESCRIPTION.
Please add one, modifying
Authors@R: c(person(given = "Brian",
family = "Close",
role = c("aut", "cre"),
email = "brian.close@gmail.com"),
person(given = "Igor",
family = "Zurbenko",
role = "aut",
email = "IZurbenko@albany.edu"),
person(given = "Mingzeng",
family = "Sun",
role = "aut",
email = "msun@albany.edu"))
as necessary.
Flavors: r-devel-linux-x86_64-debian-clang, r-devel-linux-x86_64-debian-gcc