CRAN Package Check Results for Package kzs

Last updated on 2025-04-30 04:50:09 CEST.

Flavor Version Tinstall Tcheck Ttotal Status Flags
r-devel-linux-x86_64-debian-clang 1.4 2.08 45.27 47.35 NOTE
r-devel-linux-x86_64-debian-gcc 1.4 1.77 33.59 35.36 NOTE
r-devel-linux-x86_64-fedora-clang 1.4 73.34 OK
r-devel-linux-x86_64-fedora-gcc 1.4 74.19 OK
r-devel-windows-x86_64 1.4 3.00 83.00 86.00 OK
r-patched-linux-x86_64 1.4 2.44 42.73 45.17 OK
r-release-linux-x86_64 1.4 1.91 43.18 45.09 OK
r-release-macos-arm64 1.4 29.00 OK
r-release-macos-x86_64 1.4 59.00 OK
r-release-windows-x86_64 1.4 3.00 79.00 82.00 OK
r-oldrel-macos-arm64 1.4 29.00 OK
r-oldrel-macos-x86_64 1.4 47.00 OK
r-oldrel-windows-x86_64 1.4 3.00 88.00 91.00 OK

Check Details

Version: 1.4
Check: CRAN incoming feasibility
Result: NOTE Maintainer: ‘Derek Cyr <cyr.derek@gmail.com>’ No Authors@R field in DESCRIPTION. Please add one, modifying Authors@R: c(person(given = "Derek", family = "Cyr", role = c("aut", "cre"), email = "cyr.derek@gmail.com"), person(given = "Igor", family = "Zurbenko.", role = "aut", email = "igorg.zurbenko@gmail.com")) as necessary. The build time stamp has invalid/outdated format. Flavors: r-devel-linux-x86_64-debian-clang, r-devel-linux-x86_64-debian-gcc

Version: 1.4
Check: examples
Result: NOTE Examples with CPU (user + system) or elapsed time > 5s user system elapsed kzs.md 9.223 0.087 11.401 kzs 8.416 0.166 10.438 Flavor: r-devel-linux-x86_64-debian-clang

Version: 1.4
Check: examples
Result: NOTE Examples with CPU (user + system) or elapsed time > 5s user system elapsed kzs 6.521 0.200 7.967 kzs.md 5.431 0.087 7.015 Flavor: r-devel-linux-x86_64-debian-gcc