Last updated on 2025-04-30 04:50:09 CEST.
Flavor | Version | Tinstall | Tcheck | Ttotal | Status | Flags |
---|---|---|---|---|---|---|
r-devel-linux-x86_64-debian-clang | 0.1.6 | 19.46 | 26.39 | 45.85 | NOTE | |
r-devel-linux-x86_64-debian-gcc | 0.1.6 | 16.92 | 21.70 | 38.62 | NOTE | |
r-devel-linux-x86_64-fedora-clang | 0.1.6 | 84.71 | OK | |||
r-devel-linux-x86_64-fedora-gcc | 0.1.6 | 86.73 | OK | |||
r-devel-windows-x86_64 | 0.1.6 | 27.00 | 70.00 | 97.00 | OK | |
r-patched-linux-x86_64 | 0.1.6 | 24.35 | 24.66 | 49.01 | OK | |
r-release-linux-x86_64 | 0.1.6 | 20.98 | 24.93 | 45.91 | OK | |
r-release-macos-arm64 | 0.1.6 | 26.00 | OK | |||
r-release-macos-x86_64 | 0.1.6 | 46.00 | OK | |||
r-release-windows-x86_64 | 0.1.6 | 27.00 | 66.00 | 93.00 | OK | |
r-oldrel-macos-arm64 | 0.1.6 | 26.00 | NOTE | |||
r-oldrel-macos-x86_64 | 0.1.6 | 35.00 | NOTE | |||
r-oldrel-windows-x86_64 | 0.1.6 | 32.00 | 74.00 | 106.00 | NOTE |
Version: 0.1.6
Check: CRAN incoming feasibility
Result: NOTE
Maintainer: ‘Wenchuan Guo <wguo007@ucr.edu>’
No Authors@R field in DESCRIPTION.
Please add one, modifying
Authors@R: c(person(given = "Wenchuan",
family = "Guo",
role = c("aut", "cre"),
email = "wguo007@ucr.edu"),
person(given = "Shujie",
family = "Ma",
role = "aut"),
person(given = "Zhenqiu",
family = "Liu",
role = "aut"))
as necessary.
Flavors: r-devel-linux-x86_64-debian-clang, r-devel-linux-x86_64-debian-gcc
Version: 0.1.6
Check: LazyData
Result: NOTE
'LazyData' is specified without a 'data' directory
Flavors: r-oldrel-macos-arm64, r-oldrel-macos-x86_64, r-oldrel-windows-x86_64