Last updated on 2025-04-30 04:50:09 CEST.
Flavor | Version | Tinstall | Tcheck | Ttotal | Status | Flags |
---|---|---|---|---|---|---|
r-devel-linux-x86_64-debian-clang | 1.0.1 | 26.57 | 144.54 | 171.11 | NOTE | |
r-devel-linux-x86_64-debian-gcc | 1.0.1 | 20.14 | 94.58 | 114.72 | NOTE | |
r-devel-linux-x86_64-fedora-clang | 1.0.1 | 272.43 | NOTE | |||
r-devel-linux-x86_64-fedora-gcc | 1.0.1 | 260.53 | NOTE | |||
r-devel-windows-x86_64 | 1.0.1 | 60.00 | 191.00 | 251.00 | NOTE | |
r-patched-linux-x86_64 | 1.0.1 | 27.09 | 135.74 | 162.83 | NOTE | |
r-release-linux-x86_64 | 1.0.1 | 25.90 | 134.56 | 160.46 | NOTE | |
r-release-macos-arm64 | 1.0.1 | 118.00 | NOTE | |||
r-release-macos-x86_64 | 1.0.1 | 269.00 | NOTE | |||
r-release-windows-x86_64 | 1.0.1 | 61.00 | 182.00 | 243.00 | NOTE | |
r-oldrel-macos-arm64 | 1.0.1 | 111.00 | NOTE | |||
r-oldrel-macos-x86_64 | 1.0.1 | 208.00 | NOTE | |||
r-oldrel-windows-x86_64 | 1.0.1 | 65.00 | 230.00 | 295.00 | NOTE |
Version: 1.0.1
Check: Rd files
Result: NOTE
checkRd: (-1) ln_quantile_value.Rd:44: Lost braces in \itemize; \value handles \item{}{} directly
checkRd: (-1) ln_quantile_value.Rd:45: Lost braces in \itemize; \value handles \item{}{} directly
checkRd: (-1) ln_quantile_value.Rd:46: Lost braces in \itemize; \value handles \item{}{} directly
checkRd: (-1) ln_quantile_value.Rd:47: Lost braces in \itemize; \value handles \item{}{} directly
checkRd: (-1) ln_quantile_value.Rd:48: Lost braces in \itemize; \value handles \item{}{} directly
checkRd: (-1) ln_quantile_value.Rd:49: Lost braces in \itemize; \value handles \item{}{} directly
Flavors: r-devel-linux-x86_64-debian-clang, r-devel-linux-x86_64-debian-gcc, r-devel-linux-x86_64-fedora-clang, r-devel-linux-x86_64-fedora-gcc, r-devel-windows-x86_64, r-patched-linux-x86_64, r-release-linux-x86_64, r-release-macos-arm64, r-release-macos-x86_64, r-release-windows-x86_64, r-oldrel-macos-arm64, r-oldrel-macos-x86_64, r-oldrel-windows-x86_64
Version: 1.0.1
Check: installed package size
Result: NOTE
installed size is 5.4Mb
sub-directories of 1Mb or more:
R 5.2Mb
Flavors: r-oldrel-macos-arm64, r-oldrel-macos-x86_64