Last updated on 2025-04-30 04:50:09 CEST.
Flavor | Version | Tinstall | Tcheck | Ttotal | Status | Flags |
---|---|---|---|---|---|---|
r-devel-linux-x86_64-debian-clang | 1.0-1 | 11.22 | 92.46 | 103.68 | NOTE | |
r-devel-linux-x86_64-debian-gcc | 1.0-1 | 7.84 | 69.98 | 77.82 | NOTE | |
r-devel-linux-x86_64-fedora-clang | 1.0-1 | 160.65 | OK | |||
r-devel-linux-x86_64-fedora-gcc | 1.0-1 | 156.67 | OK | |||
r-devel-windows-x86_64 | 1.0-1 | 13.00 | 103.00 | 116.00 | OK | |
r-patched-linux-x86_64 | 1.0-1 | 9.93 | 88.09 | 98.02 | NOTE | |
r-release-linux-x86_64 | 1.0-1 | 10.82 | 89.71 | 100.53 | NOTE | |
r-release-macos-arm64 | 1.0-1 | 49.00 | OK | |||
r-release-macos-x86_64 | 1.0-1 | 91.00 | OK | |||
r-release-windows-x86_64 | 1.0-1 | 14.00 | 96.00 | 110.00 | OK | |
r-oldrel-macos-arm64 | 1.0-1 | 45.00 | NOTE | |||
r-oldrel-macos-x86_64 | 1.0-1 | 69.00 | NOTE | |||
r-oldrel-windows-x86_64 | 1.0-1 | 14.00 | 122.00 | 136.00 | NOTE |
Version: 1.0-1
Check: examples
Result: NOTE
Examples with CPU (user + system) or elapsed time > 5s
user system elapsed
lagsarlmtree 4.974 0.056 6.53
Flavor: r-devel-linux-x86_64-debian-clang
Version: 1.0-1
Check: for unstated dependencies in ‘demo’
Result: NOTE
'library' or 'require' call not declared from: ‘strucchange’
Flavors: r-devel-linux-x86_64-debian-clang, r-devel-linux-x86_64-debian-gcc, r-patched-linux-x86_64, r-release-linux-x86_64
Version: 1.0-1
Check: installed package size
Result: NOTE
installed size is 8.4Mb
sub-directories of 1Mb or more:
data 8.2Mb
Flavors: r-oldrel-macos-arm64, r-oldrel-macos-x86_64, r-oldrel-windows-x86_64