Last updated on 2025-04-30 04:50:09 CEST.
Flavor | Version | Tinstall | Tcheck | Ttotal | Status | Flags |
---|---|---|---|---|---|---|
r-devel-linux-x86_64-debian-clang | 2.2.4 | 10.48 | 24.49 | 34.97 | OK | |
r-devel-linux-x86_64-debian-gcc | 2.2.4 | 7.55 | 19.62 | 27.17 | OK | |
r-devel-linux-x86_64-fedora-clang | 2.2.4 | 59.86 | OK | |||
r-devel-linux-x86_64-fedora-gcc | 2.2.4 | 54.54 | OK | |||
r-devel-windows-x86_64 | 2.2.4 | 18.00 | 61.00 | 79.00 | OK | |
r-patched-linux-x86_64 | 2.2.4 | 10.82 | 22.90 | 33.72 | OK | |
r-release-linux-x86_64 | 2.2.4 | 10.68 | 22.79 | 33.47 | OK | |
r-release-macos-arm64 | 2.2.4 | 23.00 | OK | |||
r-release-macos-x86_64 | 2.2.4 | 36.00 | OK | |||
r-release-windows-x86_64 | 2.2.4 | 19.00 | 67.00 | 86.00 | OK | |
r-oldrel-macos-arm64 | 2.2.4 | 18.00 | NOTE | |||
r-oldrel-macos-x86_64 | 2.2.4 | 26.00 | NOTE | |||
r-oldrel-windows-x86_64 | 2.2.4 | 18.00 | 67.00 | 85.00 | NOTE |
Version: 2.2.4
Check: for GNU extensions in Makefiles
Result: NOTE
GNU make is a SystemRequirements.
Flavors: r-oldrel-macos-arm64, r-oldrel-macos-x86_64, r-oldrel-windows-x86_64