Last updated on 2025-04-30 04:50:09 CEST.
Flavor | Version | Tinstall | Tcheck | Ttotal | Status | Flags |
---|---|---|---|---|---|---|
r-devel-linux-x86_64-debian-clang | 0.3.1 | 90.39 | 67.92 | 158.31 | NOTE | |
r-devel-linux-x86_64-debian-gcc | 0.3.1 | 61.16 | 42.67 | 103.83 | NOTE | |
r-devel-linux-x86_64-fedora-clang | 0.3.1 | 234.41 | OK | |||
r-devel-linux-x86_64-fedora-gcc | 0.3.1 | 257.79 | OK | |||
r-devel-windows-x86_64 | 0.3.1 | 76.00 | 102.00 | 178.00 | OK | |
r-patched-linux-x86_64 | 0.3.1 | 83.94 | 64.32 | 148.26 | OK | |
r-release-linux-x86_64 | 0.3.1 | 78.44 | 64.48 | 142.92 | OK | |
r-release-macos-arm64 | 0.3.1 | 63.00 | OK | |||
r-release-macos-x86_64 | 0.3.1 | 140.00 | OK | |||
r-release-windows-x86_64 | 0.3.1 | 76.00 | 100.00 | 176.00 | OK | |
r-oldrel-macos-arm64 | 0.3.1 | 62.00 | NOTE | |||
r-oldrel-macos-x86_64 | 0.3.1 | 98.00 | NOTE | |||
r-oldrel-windows-x86_64 | 0.3.1 | 90.00 | 128.00 | 218.00 | OK |
Version: 0.3.1
Check: examples
Result: NOTE
Examples with CPU (user + system) or elapsed time > 5s
user system elapsed
lamle 8.573 0.011 11.328
lamle.fit 5.187 0.008 6.438
lamle.compute 4.679 0.026 6.108
lamle.plot 4.695 0.003 5.334
lamle.predict 4.592 0.000 5.348
lamle.sim 4.567 0.004 5.132
Flavor: r-devel-linux-x86_64-debian-clang
Version: 0.3.1
Check: examples
Result: NOTE
Examples with CPU (user + system) or elapsed time > 5s
user system elapsed
lamle 4.604 0.008 5.107
Flavor: r-devel-linux-x86_64-debian-gcc
Version: 0.3.1
Check: installed package size
Result: NOTE
installed size is 8.4Mb
sub-directories of 1Mb or more:
libs 8.2Mb
Flavors: r-oldrel-macos-arm64, r-oldrel-macos-x86_64