Last updated on 2025-04-30 04:50:09 CEST.
Flavor | Version | Tinstall | Tcheck | Ttotal | Status | Flags |
---|---|---|---|---|---|---|
r-devel-linux-x86_64-debian-clang | 1.2 | 6.37 | 57.79 | 64.16 | NOTE | |
r-devel-linux-x86_64-debian-gcc | 1.2 | 5.66 | 43.60 | 49.26 | NOTE | |
r-devel-linux-x86_64-fedora-clang | 1.2 | 98.54 | OK | |||
r-devel-linux-x86_64-fedora-gcc | 1.2 | 96.58 | OK | |||
r-devel-windows-x86_64 | 1.2 | 8.00 | 78.00 | 86.00 | OK | |
r-patched-linux-x86_64 | 1.2 | 7.48 | 54.67 | 62.15 | OK | |
r-release-linux-x86_64 | 1.2 | 6.30 | 55.16 | 61.46 | OK | |
r-release-macos-arm64 | 1.2 | 33.00 | OK | |||
r-release-macos-x86_64 | 1.2 | 90.00 | OK | |||
r-release-windows-x86_64 | 1.2 | 8.00 | 75.00 | 83.00 | OK | |
r-oldrel-macos-arm64 | 1.2 | 30.00 | OK | |||
r-oldrel-macos-x86_64 | 1.2 | 46.00 | OK | |||
r-oldrel-windows-x86_64 | 1.2 | 9.00 | 81.00 | 90.00 | OK |
Version: 1.2
Check: CRAN incoming feasibility
Result: NOTE
Maintainer: ‘Layla Parast <parast@austin.utexas.edu>’
No Authors@R field in DESCRIPTION.
Please add one, modifying
Authors@R: person(given = "Layla",
family = "Parast",
role = c("aut", "cre"),
email = "parast@austin.utexas.edu")
as necessary.
Flavors: r-devel-linux-x86_64-debian-clang, r-devel-linux-x86_64-debian-gcc