Last updated on 2025-04-30 04:50:09 CEST.
Flavor | Version | Tinstall | Tcheck | Ttotal | Status | Flags |
---|---|---|---|---|---|---|
r-devel-linux-x86_64-debian-clang | 0.5.0 | 10.31 | 80.50 | 90.81 | NOTE | |
r-devel-linux-x86_64-debian-gcc | 0.5.0 | 6.02 | 58.63 | 64.65 | NOTE | |
r-devel-linux-x86_64-fedora-clang | 0.5.0 | 142.56 | OK | |||
r-devel-linux-x86_64-fedora-gcc | 0.5.0 | 152.24 | OK | |||
r-devel-windows-x86_64 | 0.5.0 | 10.00 | 94.00 | 104.00 | OK | |
r-patched-linux-x86_64 | 0.5.0 | 8.59 | 78.08 | 86.67 | OK | |
r-release-linux-x86_64 | 0.5.0 | 9.90 | 78.33 | 88.23 | OK | |
r-release-macos-arm64 | 0.5.0 | 55.00 | OK | |||
r-release-macos-x86_64 | 0.5.0 | 108.00 | OK | |||
r-release-windows-x86_64 | 0.5.0 | 11.00 | 90.00 | 101.00 | OK | |
r-oldrel-macos-arm64 | 0.5.0 | 49.00 | OK | |||
r-oldrel-macos-x86_64 | 0.5.0 | 80.00 | OK | |||
r-oldrel-windows-x86_64 | 0.5.0 | 12.00 | 108.00 | 120.00 | OK |
Version: 0.5.0
Check: examples
Result: NOTE
Examples with CPU (user + system) or elapsed time > 5s
user system elapsed
multipredict 5.032 0.047 5.797
Flavor: r-devel-linux-x86_64-debian-clang
Version: 0.5.0
Check: examples
Result: NOTE
Examples with CPU (user + system) or elapsed time > 5s
user system elapsed
multipredict 3.59 0.032 5.14
Flavor: r-devel-linux-x86_64-debian-gcc