Last updated on 2025-04-30 04:50:09 CEST.
Flavor | Version | Tinstall | Tcheck | Ttotal | Status | Flags |
---|---|---|---|---|---|---|
r-devel-linux-x86_64-debian-clang | 1.3.1 | 11.39 | 55.07 | 66.46 | NOTE | |
r-devel-linux-x86_64-debian-gcc | 1.3.1 | 7.81 | 38.17 | 45.98 | NOTE | |
r-devel-linux-x86_64-fedora-clang | 1.3.1 | 107.96 | OK | |||
r-devel-linux-x86_64-fedora-gcc | 1.3.1 | 118.27 | OK | |||
r-devel-windows-x86_64 | 1.3.1 | 15.00 | 86.00 | 101.00 | OK | |
r-patched-linux-x86_64 | 1.3.1 | 11.70 | 51.22 | 62.92 | OK | |
r-release-linux-x86_64 | 1.3.1 | 10.28 | 51.51 | 61.79 | OK | |
r-release-macos-arm64 | 1.3.1 | 42.00 | OK | |||
r-release-macos-x86_64 | 1.3.1 | 68.00 | OK | |||
r-release-windows-x86_64 | 1.3.1 | 14.00 | 86.00 | 100.00 | OK | |
r-oldrel-macos-arm64 | 1.3.1 | 44.00 | OK | |||
r-oldrel-macos-x86_64 | 1.3.1 | 109.00 | OK | |||
r-oldrel-windows-x86_64 | 1.3.1 | 17.00 | 101.00 | 118.00 | OK |
Version: 1.3.1
Check: examples
Result: NOTE
Examples with CPU (user + system) or elapsed time > 5s
user system elapsed
expandClass 7.868 0.188 11.078
Flavor: r-devel-linux-x86_64-debian-clang
Version: 1.3.1
Check: examples
Result: NOTE
Examples with CPU (user + system) or elapsed time > 5s
user system elapsed
expandClass 4.506 0.284 5.381
Flavor: r-devel-linux-x86_64-debian-gcc