Last updated on 2025-04-30 04:50:09 CEST.
Flavor | Version | Tinstall | Tcheck | Ttotal | Status | Flags |
---|---|---|---|---|---|---|
r-devel-linux-x86_64-debian-clang | 2.2.1 | 90.16 | 250.49 | 340.65 | NOTE | |
r-devel-linux-x86_64-debian-gcc | 2.2.1 | 61.35 | 163.47 | 224.82 | NOTE | |
r-devel-linux-x86_64-fedora-clang | 2.2.1 | 586.25 | OK | |||
r-devel-linux-x86_64-fedora-gcc | 2.2.1 | 556.09 | OK | |||
r-devel-windows-x86_64 | 2.2.1 | 109.00 | 317.00 | 426.00 | OK | |
r-patched-linux-x86_64 | 2.2.1 | 88.95 | 235.78 | 324.73 | OK | |
r-release-linux-x86_64 | 2.2.1 | 88.01 | 233.40 | 321.41 | OK | |
r-release-macos-arm64 | 2.2.1 | 181.00 | OK | |||
r-release-macos-x86_64 | 2.2.1 | 318.00 | OK | |||
r-release-windows-x86_64 | 2.2.1 | 110.00 | 300.00 | 410.00 | OK | |
r-oldrel-macos-arm64 | 2.2.1 | 138.00 | NOTE | |||
r-oldrel-macos-x86_64 | 2.2.1 | 316.00 | NOTE | |||
r-oldrel-windows-x86_64 | 2.2.1 | 120.00 | 389.00 | 509.00 | OK |
Version: 2.2.1
Check: examples
Result: NOTE
Examples with CPU (user + system) or elapsed time > 5s
user system elapsed
calculate_correlation 8.268 0.086 10.433
Flavor: r-devel-linux-x86_64-debian-clang
Version: 2.2.1
Check: examples
Result: NOTE
Examples with CPU (user + system) or elapsed time > 5s
user system elapsed
calculate_correlation 4.828 0.096 6.057
Flavor: r-devel-linux-x86_64-debian-gcc
Version: 2.2.1
Check: installed package size
Result: NOTE
installed size is 5.5Mb
sub-directories of 1Mb or more:
libs 3.8Mb
Flavors: r-oldrel-macos-arm64, r-oldrel-macos-x86_64