CRAN Package Check Results for Package landsepi

Last updated on 2025-04-30 04:50:09 CEST.

Flavor Version Tinstall Tcheck Ttotal Status Flags
r-devel-linux-x86_64-debian-clang 1.5.1 59.23 176.85 236.08 OK
r-devel-linux-x86_64-debian-gcc 1.5.1 42.95 131.68 174.63 OK
r-devel-linux-x86_64-fedora-clang 1.5.1 397.57 OK
r-devel-linux-x86_64-fedora-gcc 1.5.1 402.19 OK
r-devel-windows-x86_64 1.5.1 68.00 252.00 320.00 OK
r-patched-linux-x86_64 1.5.1 61.22 170.69 231.91 OK
r-release-linux-x86_64 1.5.1 60.24 171.26 231.50 OK
r-release-macos-arm64 1.5.1 216.00 OK
r-release-macos-x86_64 1.5.1 261.00 OK
r-release-windows-x86_64 1.5.1 69.00 247.00 316.00 OK
r-oldrel-macos-arm64 1.5.1 117.00 NOTE
r-oldrel-macos-x86_64 1.5.1 264.00 NOTE
r-oldrel-windows-x86_64 1.5.1 77.00 281.00 358.00 NOTE

Check Details

Version: 1.5.1
Check: installed package size
Result: NOTE installed size is 10.1Mb sub-directories of 1Mb or more: doc 1.8Mb libs 5.8Mb Flavors: r-oldrel-macos-arm64, r-oldrel-macos-x86_64, r-oldrel-windows-x86_64