Last updated on 2025-04-30 04:50:09 CEST.
Flavor | Version | Tinstall | Tcheck | Ttotal | Status | Flags |
---|---|---|---|---|---|---|
r-devel-linux-x86_64-debian-clang | 0.1-2 | 11.83 | 92.50 | 104.33 | NOTE | |
r-devel-linux-x86_64-debian-gcc | 0.1-2 | 9.79 | 70.23 | 80.02 | NOTE | |
r-devel-linux-x86_64-fedora-clang | 0.1-2 | 156.47 | OK | |||
r-devel-linux-x86_64-fedora-gcc | 0.1-2 | 150.40 | OK | |||
r-devel-windows-x86_64 | 0.1-2 | 11.00 | 95.00 | 106.00 | NOTE | |
r-patched-linux-x86_64 | 0.1-2 | 10.63 | 87.74 | 98.37 | NOTE | |
r-release-linux-x86_64 | 0.1-2 | 9.22 | 89.26 | 98.48 | NOTE | |
r-release-macos-arm64 | 0.1-2 | 53.00 | OK | |||
r-release-macos-x86_64 | 0.1-2 | 87.00 | OK | |||
r-release-windows-x86_64 | 0.1-2 | 13.00 | 98.00 | 111.00 | NOTE | |
r-oldrel-macos-arm64 | 0.1-2 | 45.00 | OK | |||
r-oldrel-macos-x86_64 | 0.1-2 | 75.00 | OK | |||
r-oldrel-windows-x86_64 | 0.1-2 | 15.00 | 109.00 | 124.00 | OK |
Version: 0.1-2
Check: CRAN incoming feasibility
Result: NOTE
Maintainer: ‘Richard Zijdeman <richard.zijdeman@iisg.nl>’
The Description field contains
relations (see http://www.historyoflabourrelations.org). The package
Please enclose URLs in angle brackets (<...>).
Flavors: r-devel-linux-x86_64-debian-clang, r-devel-linux-x86_64-debian-gcc
Version: 0.1-2
Check: Rd cross-references
Result: NOTE
Found the following Rd file(s) with Rd \link{} targets missing package
anchors:
draw.lar.Rd: treemap
Please provide package anchors for all Rd \link{} targets not in the
package itself and the base packages.
Flavors: r-devel-linux-x86_64-debian-clang, r-devel-linux-x86_64-debian-gcc, r-devel-windows-x86_64, r-patched-linux-x86_64, r-release-linux-x86_64, r-release-windows-x86_64