Last updated on 2025-04-30 04:50:09 CEST.
Flavor | Version | Tinstall | Tcheck | Ttotal | Status | Flags |
---|---|---|---|---|---|---|
r-devel-linux-x86_64-debian-clang | 5.2.13 | 28.42 | 206.43 | 234.85 | NOTE | |
r-devel-linux-x86_64-debian-gcc | 5.2.13 | 17.97 | 133.87 | 151.84 | NOTE | |
r-devel-linux-x86_64-fedora-clang | 5.2.13 | 347.66 | OK | |||
r-devel-linux-x86_64-fedora-gcc | 5.2.13 | 329.93 | OK | |||
r-devel-windows-x86_64 | 5.2.13 | 30.00 | 253.00 | 283.00 | OK | |
r-patched-linux-x86_64 | 5.2.13 | 33.55 | 189.93 | 223.48 | OK | |
r-release-linux-x86_64 | 5.2.13 | 28.14 | 190.17 | 218.31 | OK | |
r-release-macos-arm64 | 5.2.13 | 84.00 | OK | |||
r-release-macos-x86_64 | 5.2.13 | 193.00 | OK | |||
r-release-windows-x86_64 | 5.2.13 | 30.00 | 244.00 | 274.00 | OK | |
r-oldrel-macos-arm64 | 5.2.13 | 88.00 | OK | |||
r-oldrel-macos-x86_64 | 5.2.13 | 170.00 | OK | |||
r-oldrel-windows-x86_64 | 5.2.13 | 39.00 | 298.00 | 337.00 | OK |
Version: 5.2.13
Check: examples
Result: NOTE
Examples with CPU (user + system) or elapsed time > 5s
user system elapsed
distr 5.779 0.158 7.116
corr_cross 3.947 0.069 5.396
wordle 2.917 0.229 7.552
Flavor: r-devel-linux-x86_64-debian-clang
Version: 5.2.13
Check: examples
Result: NOTE
Examples with CPU (user + system) or elapsed time > 5s
user system elapsed
wordle 1.68 0.044 5.144
Flavor: r-devel-linux-x86_64-debian-gcc