Last updated on 2025-04-30 04:50:09 CEST.
Flavor | Version | Tinstall | Tcheck | Ttotal | Status | Flags |
---|---|---|---|---|---|---|
r-devel-linux-x86_64-debian-clang | 0.0.6 | 15.61 | 101.73 | 117.34 | NOTE | |
r-devel-linux-x86_64-debian-gcc | 0.0.6 | 8.69 | 71.00 | 79.69 | NOTE | |
r-devel-linux-x86_64-fedora-clang | 0.0.6 | 191.87 | OK | |||
r-devel-linux-x86_64-fedora-gcc | 0.0.6 | 180.47 | OK | |||
r-devel-windows-x86_64 | 0.0.6 | 17.00 | 122.00 | 139.00 | NOTE | |
r-patched-linux-x86_64 | 0.0.6 | 13.67 | 96.95 | 110.62 | NOTE | |
r-release-linux-x86_64 | 0.0.6 | 11.64 | 96.42 | 108.06 | NOTE | |
r-release-macos-arm64 | 0.0.6 | 51.00 | OK | |||
r-release-macos-x86_64 | 0.0.6 | 87.00 | OK | |||
r-release-windows-x86_64 | 0.0.6 | 17.00 | 113.00 | 130.00 | NOTE | |
r-oldrel-macos-arm64 | 0.0.6 | 44.00 | OK | |||
r-oldrel-macos-x86_64 | 0.0.6 | 72.00 | OK | |||
r-oldrel-windows-x86_64 | 0.0.6 | 20.00 | 137.00 | 157.00 | OK |
Version: 0.0.6
Check: Rd cross-references
Result: NOTE
Found the following Rd file(s) with Rd \link{} targets missing package
anchors:
ESEM.Rd: lavaan
add_population_error.Rd: bifactor
Please provide package anchors for all Rd \link{} targets not in the
package itself and the base packages.
Flavors: r-devel-linux-x86_64-debian-clang, r-devel-linux-x86_64-debian-gcc, r-devel-windows-x86_64, r-patched-linux-x86_64, r-release-linux-x86_64, r-release-windows-x86_64