Last updated on 2025-07-05 04:50:18 CEST.
Flavor | Version | Tinstall | Tcheck | Ttotal | Status | Flags |
---|---|---|---|---|---|---|
r-devel-linux-x86_64-debian-clang | 0.0.6 | 14.39 | 102.64 | 117.03 | NOTE | |
r-devel-linux-x86_64-debian-gcc | 0.0.6 | 10.09 | 74.12 | 84.21 | NOTE | |
r-devel-linux-x86_64-fedora-clang | 0.0.6 | 200.23 | OK | |||
r-devel-linux-x86_64-fedora-gcc | 0.0.6 | 182.69 | OK | |||
r-devel-windows-x86_64 | 0.0.6 | 16.00 | 111.00 | 127.00 | NOTE | |
r-patched-linux-x86_64 | 0.0.6 | 14.82 | 97.10 | 111.92 | NOTE | |
r-release-linux-x86_64 | 0.0.6 | 13.08 | 97.54 | 110.62 | NOTE | |
r-release-macos-arm64 | 0.0.6 | 51.00 | OK | |||
r-release-macos-x86_64 | 0.0.6 | 87.00 | OK | |||
r-release-windows-x86_64 | 0.0.6 | 17.00 | 114.00 | 131.00 | NOTE | |
r-oldrel-macos-arm64 | 0.0.6 | 44.00 | OK | |||
r-oldrel-macos-x86_64 | 0.0.6 | 72.00 | OK | |||
r-oldrel-windows-x86_64 | 0.0.6 | 21.00 | 141.00 | 162.00 | OK |
Version: 0.0.6
Check: Rd cross-references
Result: NOTE
Found the following Rd file(s) with Rd \link{} targets missing package
anchors:
ESEM.Rd: lavaan
add_population_error.Rd: bifactor
Please provide package anchors for all Rd \link{} targets not in the
package itself and the base packages.
Flavors: r-devel-linux-x86_64-debian-clang, r-devel-linux-x86_64-debian-gcc, r-devel-windows-x86_64, r-patched-linux-x86_64, r-release-linux-x86_64, r-release-windows-x86_64