CRAN Package Check Results for Package latentgraph

Last updated on 2025-04-30 04:50:09 CEST.

Flavor Version Tinstall Tcheck Ttotal Status Flags
r-devel-linux-x86_64-debian-clang 1.1 23.98 64.10 88.08 NOTE
r-devel-linux-x86_64-debian-gcc 1.1 16.03 46.19 62.22 NOTE
r-devel-linux-x86_64-fedora-clang 1.1 143.93 NOTE
r-devel-linux-x86_64-fedora-gcc 1.1 136.66 NOTE
r-devel-windows-x86_64 1.1 28.00 90.00 118.00 NOTE
r-patched-linux-x86_64 1.1 23.15 61.44 84.59 NOTE
r-release-linux-x86_64 1.1 22.86 60.84 83.70 NOTE
r-release-macos-arm64 1.1 41.00 NOTE
r-release-macos-x86_64 1.1 83.00 NOTE
r-release-windows-x86_64 1.1 29.00 91.00 120.00 NOTE
r-oldrel-macos-arm64 1.1 40.00 NOTE
r-oldrel-macos-x86_64 1.1 62.00 NOTE
r-oldrel-windows-x86_64 1.1 32.00 116.00 148.00 NOTE

Check Details

Version: 1.1
Check: CRAN incoming feasibility
Result: NOTE Maintainer: ‘Yanxin Jin <yanxinj@umich.edu>’ No Authors@R field in DESCRIPTION. Please add one, modifying Authors@R: c(person(given = "Yanxin", family = "Jin", role = c("aut", "cre"), email = "yanxinj@umich.edu"), person(given = "Samantha", family = "Yang", role = "aut"), person(given = c("Kean", "Ming"), family = "Tan", role = "aut")) as necessary. Flavors: r-devel-linux-x86_64-debian-clang, r-devel-linux-x86_64-debian-gcc

Version: 1.1
Check: C++ specification
Result: NOTE Specified C++11: please drop specification unless essential Flavors: r-devel-linux-x86_64-debian-clang, r-devel-linux-x86_64-debian-gcc, r-devel-linux-x86_64-fedora-clang, r-devel-linux-x86_64-fedora-gcc, r-devel-windows-x86_64, r-patched-linux-x86_64, r-release-linux-x86_64, r-release-macos-arm64, r-release-macos-x86_64, r-release-windows-x86_64, r-oldrel-macos-arm64, r-oldrel-macos-x86_64, r-oldrel-windows-x86_64

Version: 1.1
Check: examples
Result: NOTE Examples with CPU (user + system) or elapsed time > 5s user system elapsed semilatent 4.389 0.082 5.337 Flavor: r-devel-linux-x86_64-debian-clang