CRAN Package Check Results for Package latrend

Last updated on 2025-04-30 04:50:09 CEST.

Flavor Version Tinstall Tcheck Ttotal Status Flags
r-devel-linux-x86_64-debian-clang 1.6.1 18.85 491.87 510.72 NOTE
r-devel-linux-x86_64-debian-gcc 1.6.1 13.21 289.38 302.59 NOTE
r-devel-linux-x86_64-fedora-clang 1.6.1 737.46 OK
r-devel-linux-x86_64-fedora-gcc 1.6.1 714.27 OK
r-devel-windows-x86_64 1.6.1 21.00 355.00 376.00 NOTE
r-patched-linux-x86_64 1.6.1 25.12 395.62 420.74 NOTE
r-release-linux-x86_64 1.6.1 19.87 362.56 382.43 NOTE
r-release-macos-arm64 1.6.1 665.00 OK
r-release-macos-x86_64 1.6.1 402.00 OK
r-release-windows-x86_64 1.6.1 21.00 382.00 403.00 NOTE
r-oldrel-macos-arm64 1.6.1 278.00 NOTE
r-oldrel-macos-x86_64 1.6.1 254.00 NOTE
r-oldrel-windows-x86_64 1.6.1 28.00 443.00 471.00 OK

Check Details

Version: 1.6.1
Check: Rd cross-references
Result: NOTE Found the following Rd file(s) with Rd \link{} targets missing package anchors: latrend.Rd: Verbose latrendBatch.Rd: Verbose latrendBoot.Rd: Verbose latrendCV.Rd: Verbose latrendRep.Rd: Verbose update.lcModel.Rd: Verbose Please provide package anchors for all Rd \link{} targets not in the package itself and the base packages. Flavors: r-devel-linux-x86_64-debian-clang, r-devel-linux-x86_64-debian-gcc, r-devel-windows-x86_64, r-patched-linux-x86_64, r-release-linux-x86_64, r-release-windows-x86_64

Version: 1.6.1
Check: examples
Result: NOTE Examples with CPU (user + system) or elapsed time > 5s user system elapsed lcMethodDtwclust 48.919 8.851 69.531 latrendBoot 6.311 0.564 4.584 Flavor: r-devel-linux-x86_64-debian-clang

Version: 1.6.1
Check: examples
Result: NOTE Examples with CPU (user + system) or elapsed time > 5s user system elapsed lcMethodDtwclust 8.277 2.978 12.805 Flavor: r-devel-linux-x86_64-debian-gcc

Version: 1.6.1
Check: package dependencies
Result: NOTE Package suggested but not available for checking: ‘mixAK’ Flavors: r-oldrel-macos-arm64, r-oldrel-macos-x86_64

Version: 1.6.1
Check: Rd cross-references
Result: NOTE Package unavailable to check Rd xrefs: ‘mixAK’ Flavors: r-oldrel-macos-arm64, r-oldrel-macos-x86_64